{"id":88,"date":"2022-06-02T08:56:32","date_gmt":"2022-06-02T11:56:32","guid":{"rendered":"https:\/\/web3.cl\/dev-infancia\/?post_type=jardines&#038;p=88"},"modified":"2022-06-09T17:50:33","modified_gmt":"2022-06-09T20:50:33","slug":"claudio-arrau","status":"publish","type":"jardines","link":"https:\/\/web3.cl\/dev-infancia\/jardines\/claudio-arrau\/","title":{"rendered":"Claudio Arrau"},"featured_media":0,"template":"","categories":[],"zona":[4],"class_list":["post-88","jardines","type-jardines","status-publish","hentry","zona-centro"],"acf":{"tipo":"Sala Cuna y Jard\u00edn Infantil","director_name":"Graciela Ruiz Araya","position":"Subdirectora","address":"Santo Domingo 2005 \/ Santiago","phone_number":226720863,"email":"claudioarrau@infancia.cl","director_image":429,"address_coordinate":"<iframe src=\"https:\/\/www.google.com\/maps\/embed?pb=!1m18!1m12!1m3!1d3329.459303945295!2d-70.6494783!3d-33.43733830000001!2m3!1f0!2f0!3f0!3m2!1i1024!2i768!4f13.1!3m3!1m2!1s0x9662c5a30ec23275%3A0x5f850f847dec6c49!2sPhillips%2016%2C%20Santiago%2C%20Regi%C3%B3n%20Metropolitana!5e0!3m2!1ses!2scl!4v1653661028031!5m2!1ses!2scl\" width=\"600\" height=\"450\" style=\"border:0;\" allowfullscreen=\"\" loading=\"lazy\" referrerpolicy=\"no-referrer-when-downgrade\"><\/iframe>","video":249,"sobre_el_jardin":"Recibi\u00f3 su nombre por destacado pianista chileno, en honor a su trayectoria internacional y a los hitos protagonizados en ese camino, como el primer concierto que ofreci\u00f3 a los cinco a\u00f1os.\r\n\r\nEl jard\u00edn, situado en Brasil con santo Domingo, fue inaugurado el 20 de octubre de 1996 y desde un comienzo destac\u00f3 por construirse como un recinto donde los padres participan y se involucran din\u00e1micamente en las actividades de sus hijos e hijas.\r\n\r\nLorem ipsum text Lorem ipsum dolor sit amet, consectetur adipiscing elit. In magna sed aliquam, sed consectetur et, aliquam. Amet integer neque, praesent dictum a dui ac. Ac pharetra rutrum nisi, quam sem enim. Risus volutpat molestie et tortor, neque. Nisl, nulla pretium ornare tellus sed libero vitae. Imperdiet egestas metus, mattis proin. Suspendisse dolor est consectetur etiam praesent eros. Pharetra aenean in ut ut enim non sodales."},"yoast_head":"<!-- This site is optimized with the Yoast SEO plugin v26.9 - https:\/\/yoast.com\/product\/yoast-seo-wordpress\/ -->\n<title>Claudio Arrau - Infancia<\/title>\n<meta name=\"robots\" content=\"index, follow, max-snippet:-1, max-image-preview:large, max-video-preview:-1\" \/>\n<link rel=\"canonical\" href=\"https:\/\/web3.cl\/dev-infancia\/jardines\/claudio-arrau\/\" \/>\n<meta property=\"og:locale\" content=\"es_ES\" \/>\n<meta property=\"og:type\" content=\"article\" \/>\n<meta property=\"og:title\" content=\"Claudio Arrau - Infancia\" \/>\n<meta property=\"og:url\" content=\"https:\/\/web3.cl\/dev-infancia\/jardines\/claudio-arrau\/\" \/>\n<meta property=\"og:site_name\" content=\"Infancia\" \/>\n<meta property=\"article:modified_time\" content=\"2022-06-09T20:50:33+00:00\" \/>\n<meta name=\"twitter:card\" content=\"summary_large_image\" \/>\n<script type=\"application\/ld+json\" class=\"yoast-schema-graph\">{\"@context\":\"https:\/\/schema.org\",\"@graph\":[{\"@type\":\"WebPage\",\"@id\":\"https:\/\/web3.cl\/dev-infancia\/jardines\/claudio-arrau\/\",\"url\":\"https:\/\/web3.cl\/dev-infancia\/jardines\/claudio-arrau\/\",\"name\":\"Claudio Arrau - Infancia\",\"isPartOf\":{\"@id\":\"https:\/\/web3.cl\/dev-infancia\/#website\"},\"datePublished\":\"2022-06-02T11:56:32+00:00\",\"dateModified\":\"2022-06-09T20:50:33+00:00\",\"breadcrumb\":{\"@id\":\"https:\/\/web3.cl\/dev-infancia\/jardines\/claudio-arrau\/#breadcrumb\"},\"inLanguage\":\"es-CL\",\"potentialAction\":[{\"@type\":\"ReadAction\",\"target\":[\"https:\/\/web3.cl\/dev-infancia\/jardines\/claudio-arrau\/\"]}]},{\"@type\":\"BreadcrumbList\",\"@id\":\"https:\/\/web3.cl\/dev-infancia\/jardines\/claudio-arrau\/#breadcrumb\",\"itemListElement\":[{\"@type\":\"ListItem\",\"position\":1,\"name\":\"Portada\",\"item\":\"https:\/\/web3.cl\/dev-infancia\/\"},{\"@type\":\"ListItem\",\"position\":2,\"name\":\"Jardines\",\"item\":\"https:\/\/web3.cl\/dev-infancia\/jardines\/\"},{\"@type\":\"ListItem\",\"position\":3,\"name\":\"Claudio Arrau\"}]},{\"@type\":\"WebSite\",\"@id\":\"https:\/\/web3.cl\/dev-infancia\/#website\",\"url\":\"https:\/\/web3.cl\/dev-infancia\/\",\"name\":\"Infancia\",\"description\":\"Corporaci\u00f3n para la infancia de Santiago\",\"potentialAction\":[{\"@type\":\"SearchAction\",\"target\":{\"@type\":\"EntryPoint\",\"urlTemplate\":\"https:\/\/web3.cl\/dev-infancia\/?s={search_term_string}\"},\"query-input\":{\"@type\":\"PropertyValueSpecification\",\"valueRequired\":true,\"valueName\":\"search_term_string\"}}],\"inLanguage\":\"es-CL\"}]}<\/script>\n<!-- \/ Yoast SEO plugin. -->","yoast_head_json":{"title":"Claudio Arrau - Infancia","robots":{"index":"index","follow":"follow","max-snippet":"max-snippet:-1","max-image-preview":"max-image-preview:large","max-video-preview":"max-video-preview:-1"},"canonical":"https:\/\/web3.cl\/dev-infancia\/jardines\/claudio-arrau\/","og_locale":"es_ES","og_type":"article","og_title":"Claudio Arrau - Infancia","og_url":"https:\/\/web3.cl\/dev-infancia\/jardines\/claudio-arrau\/","og_site_name":"Infancia","article_modified_time":"2022-06-09T20:50:33+00:00","twitter_card":"summary_large_image","schema":{"@context":"https:\/\/schema.org","@graph":[{"@type":"WebPage","@id":"https:\/\/web3.cl\/dev-infancia\/jardines\/claudio-arrau\/","url":"https:\/\/web3.cl\/dev-infancia\/jardines\/claudio-arrau\/","name":"Claudio Arrau - Infancia","isPartOf":{"@id":"https:\/\/web3.cl\/dev-infancia\/#website"},"datePublished":"2022-06-02T11:56:32+00:00","dateModified":"2022-06-09T20:50:33+00:00","breadcrumb":{"@id":"https:\/\/web3.cl\/dev-infancia\/jardines\/claudio-arrau\/#breadcrumb"},"inLanguage":"es-CL","potentialAction":[{"@type":"ReadAction","target":["https:\/\/web3.cl\/dev-infancia\/jardines\/claudio-arrau\/"]}]},{"@type":"BreadcrumbList","@id":"https:\/\/web3.cl\/dev-infancia\/jardines\/claudio-arrau\/#breadcrumb","itemListElement":[{"@type":"ListItem","position":1,"name":"Portada","item":"https:\/\/web3.cl\/dev-infancia\/"},{"@type":"ListItem","position":2,"name":"Jardines","item":"https:\/\/web3.cl\/dev-infancia\/jardines\/"},{"@type":"ListItem","position":3,"name":"Claudio Arrau"}]},{"@type":"WebSite","@id":"https:\/\/web3.cl\/dev-infancia\/#website","url":"https:\/\/web3.cl\/dev-infancia\/","name":"Infancia","description":"Corporaci\u00f3n para la infancia de Santiago","potentialAction":[{"@type":"SearchAction","target":{"@type":"EntryPoint","urlTemplate":"https:\/\/web3.cl\/dev-infancia\/?s={search_term_string}"},"query-input":{"@type":"PropertyValueSpecification","valueRequired":true,"valueName":"search_term_string"}}],"inLanguage":"es-CL"}]}},"_links":{"self":[{"href":"https:\/\/web3.cl\/dev-infancia\/wp-json\/wp\/v2\/kindergartens\/88","targetHints":{"allow":["GET"]}}],"collection":[{"href":"https:\/\/web3.cl\/dev-infancia\/wp-json\/wp\/v2\/kindergartens"}],"about":[{"href":"https:\/\/web3.cl\/dev-infancia\/wp-json\/wp\/v2\/types\/jardines"}],"wp:attachment":[{"href":"https:\/\/web3.cl\/dev-infancia\/wp-json\/wp\/v2\/media?parent=88"}],"wp:term":[{"taxonomy":"category","embeddable":true,"href":"https:\/\/web3.cl\/dev-infancia\/wp-json\/wp\/v2\/categories?post=88"},{"taxonomy":"zona","embeddable":true,"href":"https:\/\/web3.cl\/dev-infancia\/wp-json\/wp\/v2\/zona?post=88"}],"curies":[{"name":"wp","href":"https:\/\/api.w.org\/{rel}","templated":true}]}}

Sala Cuna y Jardín Infantil

Recibió su nombre por destacado pianista chileno, en honor a su trayectoria internacional y a los hitos protagonizados en ese camino, como el primer concierto que ofreció a los cinco años.

El jardín, situado en Brasil con santo Domingo, fue inaugurado el 20 de octubre de 1996 y desde un comienzo destacó por construirse como un recinto donde los padres participan y se involucran dinámicamente en las actividades de sus hijos e hijas.

Lorem ipsum text Lorem ipsum dolor sit amet, consectetur adipiscing elit. In magna sed aliquam, sed consectetur et, aliquam. Amet integer neque, praesent dictum a dui ac. Ac pharetra rutrum nisi, quam sem enim. Risus volutpat molestie et tortor, neque. Nisl, nulla pretium ornare tellus sed libero vitae. Imperdiet egestas metus, mattis proin. Suspendisse dolor est consectetur etiam praesent eros. Pharetra aenean in ut ut enim non sodales.

<!-- This site is optimized with the Yoast SEO plugin v26.9 - https://yoast.com/product/yoast-seo-wordpress/ -->
<title>Claudio Arrau - Infancia</title>
<meta name="robots" content="index, follow, max-snippet:-1, max-image-preview:large, max-video-preview:-1" />
<link rel="canonical" href="https://web3.cl/dev-infancia/jardines/claudio-arrau/" />
<meta property="og:locale" content="es_ES" />
<meta property="og:type" content="article" />
<meta property="og:title" content="Claudio Arrau - Infancia" />
<meta property="og:url" content="https://web3.cl/dev-infancia/jardines/claudio-arrau/" />
<meta property="og:site_name" content="Infancia" />
<meta property="article:modified_time" content="2022-06-09T20:50:33+00:00" />
<meta name="twitter:card" content="summary_large_image" />
<script type="application/ld+json" class="yoast-schema-graph">{"@context":"https://schema.org","@graph":[{"@type":"WebPage","@id":"https://web3.cl/dev-infancia/jardines/claudio-arrau/","url":"https://web3.cl/dev-infancia/jardines/claudio-arrau/","name":"Claudio Arrau - Infancia","isPartOf":{"@id":"https://web3.cl/dev-infancia/#website"},"datePublished":"2022-06-02T11:56:32+00:00","dateModified":"2022-06-09T20:50:33+00:00","breadcrumb":{"@id":"https://web3.cl/dev-infancia/jardines/claudio-arrau/#breadcrumb"},"inLanguage":"es-CL","potentialAction":[{"@type":"ReadAction","target":["https://web3.cl/dev-infancia/jardines/claudio-arrau/"]}]},{"@type":"BreadcrumbList","@id":"https://web3.cl/dev-infancia/jardines/claudio-arrau/#breadcrumb","itemListElement":[{"@type":"ListItem","position":1,"name":"Portada","item":"https://web3.cl/dev-infancia/"},{"@type":"ListItem","position":2,"name":"Jardines","item":"https://web3.cl/dev-infancia/jardines/"},{"@type":"ListItem","position":3,"name":"Claudio Arrau"}]},{"@type":"WebSite","@id":"https://web3.cl/dev-infancia/#website","url":"https://web3.cl/dev-infancia/","name":"Infancia","description":"Corporación para la infancia de Santiago","potentialAction":[{"@type":"SearchAction","target":{"@type":"EntryPoint","urlTemplate":"https://web3.cl/dev-infancia/?s={search_term_string}"},"query-input":{"@type":"PropertyValueSpecification","valueRequired":true,"valueName":"search_term_string"}}],"inLanguage":"es-CL"}]}</script>
<!-- / Yoast SEO plugin. -->

Corporación para la infancia de Santiago
