{"id":158,"date":"2022-06-02T23:06:45","date_gmt":"2022-06-03T02:06:45","guid":{"rendered":"https:\/\/web3.cl\/dev-infancia\/?post_type=jardines&#038;p=158"},"modified":"2022-06-07T12:28:56","modified_gmt":"2022-06-07T15:28:56","slug":"pedro-aguirre-cerda","status":"publish","type":"jardines","link":"https:\/\/web3.cl\/dev-infancia\/jardines\/pedro-aguirre-cerda\/","title":{"rendered":"Pedro Aguirre Cerda"},"featured_media":0,"template":"","categories":[],"zona":[5],"class_list":["post-158","jardines","type-jardines","status-publish","hentry","zona-sur"],"acf":{"tipo":"Sala Cuna y Jard\u00edn Infantil","director_name":"Daniela Urrutia","position":"Directora","address":"Argomedo 372 \/ Santiago Centro","phone_number":226347288,"email":"paguirrecerda@infancia.cl","director_image":159,"address_coordinate":"<iframe src=\"https:\/\/www.google.com\/maps\/embed?pb=!1m14!1m8!1m3!1d53263.44330528942!2d-70.637608!3d-33.450213!3m2!1i1024!2i768!4f13.1!3m3!1m2!1s0x9662c5713c0f2eb3%3A0x71e7f7e42b6c5fc5!2sArgomedo%20372%2C%20Santiago%2C%20Regi%C3%B3n%20Metropolitana%2C%20Chile!5e0!3m2!1ses!2sus!4v1654222026595!5m2!1ses!2sus\" width=\"600\" height=\"450\" style=\"border:0;\" allowfullscreen=\"\" loading=\"lazy\" referrerpolicy=\"no-referrer-when-downgrade\"><\/iframe>","video":249,"sobre_el_jardin":"Fue inaugurado en 1995 en honor al Presidente Pedro Aguirre Cerda, cuyo lema \u201cGobernar es Educar\u201d, represent\u00f3 la idea m\u00e1s fiel de ese gobierno: priorizar la labor educacional temprana para el desarrollo y crecimiento del pa\u00eds. Este jard\u00edn est\u00e1 situado en un barrio residencial, a pasos de la Escuela M\u00e9xico y cercano a avenida Vicku\u00f1a Mackenna."},"yoast_head":"<!-- This site is optimized with the Yoast SEO plugin v26.9 - https:\/\/yoast.com\/product\/yoast-seo-wordpress\/ -->\n<title>Pedro Aguirre Cerda - Infancia<\/title>\n<meta name=\"robots\" content=\"index, follow, max-snippet:-1, max-image-preview:large, max-video-preview:-1\" \/>\n<link rel=\"canonical\" href=\"https:\/\/web3.cl\/dev-infancia\/jardines\/pedro-aguirre-cerda\/\" \/>\n<meta property=\"og:locale\" content=\"es_ES\" \/>\n<meta property=\"og:type\" content=\"article\" \/>\n<meta property=\"og:title\" content=\"Pedro Aguirre Cerda - Infancia\" \/>\n<meta property=\"og:url\" content=\"https:\/\/web3.cl\/dev-infancia\/jardines\/pedro-aguirre-cerda\/\" \/>\n<meta property=\"og:site_name\" content=\"Infancia\" \/>\n<meta property=\"article:modified_time\" content=\"2022-06-07T15:28:56+00:00\" \/>\n<meta name=\"twitter:card\" content=\"summary_large_image\" \/>\n<script type=\"application\/ld+json\" class=\"yoast-schema-graph\">{\"@context\":\"https:\/\/schema.org\",\"@graph\":[{\"@type\":\"WebPage\",\"@id\":\"https:\/\/web3.cl\/dev-infancia\/jardines\/pedro-aguirre-cerda\/\",\"url\":\"https:\/\/web3.cl\/dev-infancia\/jardines\/pedro-aguirre-cerda\/\",\"name\":\"Pedro Aguirre Cerda - Infancia\",\"isPartOf\":{\"@id\":\"https:\/\/web3.cl\/dev-infancia\/#website\"},\"datePublished\":\"2022-06-03T02:06:45+00:00\",\"dateModified\":\"2022-06-07T15:28:56+00:00\",\"breadcrumb\":{\"@id\":\"https:\/\/web3.cl\/dev-infancia\/jardines\/pedro-aguirre-cerda\/#breadcrumb\"},\"inLanguage\":\"es-CL\",\"potentialAction\":[{\"@type\":\"ReadAction\",\"target\":[\"https:\/\/web3.cl\/dev-infancia\/jardines\/pedro-aguirre-cerda\/\"]}]},{\"@type\":\"BreadcrumbList\",\"@id\":\"https:\/\/web3.cl\/dev-infancia\/jardines\/pedro-aguirre-cerda\/#breadcrumb\",\"itemListElement\":[{\"@type\":\"ListItem\",\"position\":1,\"name\":\"Portada\",\"item\":\"https:\/\/web3.cl\/dev-infancia\/\"},{\"@type\":\"ListItem\",\"position\":2,\"name\":\"Jardines\",\"item\":\"https:\/\/web3.cl\/dev-infancia\/jardines\/\"},{\"@type\":\"ListItem\",\"position\":3,\"name\":\"Pedro Aguirre Cerda\"}]},{\"@type\":\"WebSite\",\"@id\":\"https:\/\/web3.cl\/dev-infancia\/#website\",\"url\":\"https:\/\/web3.cl\/dev-infancia\/\",\"name\":\"Infancia\",\"description\":\"Corporaci\u00f3n para la infancia de Santiago\",\"potentialAction\":[{\"@type\":\"SearchAction\",\"target\":{\"@type\":\"EntryPoint\",\"urlTemplate\":\"https:\/\/web3.cl\/dev-infancia\/?s={search_term_string}\"},\"query-input\":{\"@type\":\"PropertyValueSpecification\",\"valueRequired\":true,\"valueName\":\"search_term_string\"}}],\"inLanguage\":\"es-CL\"}]}<\/script>\n<!-- \/ Yoast SEO plugin. -->","yoast_head_json":{"title":"Pedro Aguirre Cerda - Infancia","robots":{"index":"index","follow":"follow","max-snippet":"max-snippet:-1","max-image-preview":"max-image-preview:large","max-video-preview":"max-video-preview:-1"},"canonical":"https:\/\/web3.cl\/dev-infancia\/jardines\/pedro-aguirre-cerda\/","og_locale":"es_ES","og_type":"article","og_title":"Pedro Aguirre Cerda - Infancia","og_url":"https:\/\/web3.cl\/dev-infancia\/jardines\/pedro-aguirre-cerda\/","og_site_name":"Infancia","article_modified_time":"2022-06-07T15:28:56+00:00","twitter_card":"summary_large_image","schema":{"@context":"https:\/\/schema.org","@graph":[{"@type":"WebPage","@id":"https:\/\/web3.cl\/dev-infancia\/jardines\/pedro-aguirre-cerda\/","url":"https:\/\/web3.cl\/dev-infancia\/jardines\/pedro-aguirre-cerda\/","name":"Pedro Aguirre Cerda - Infancia","isPartOf":{"@id":"https:\/\/web3.cl\/dev-infancia\/#website"},"datePublished":"2022-06-03T02:06:45+00:00","dateModified":"2022-06-07T15:28:56+00:00","breadcrumb":{"@id":"https:\/\/web3.cl\/dev-infancia\/jardines\/pedro-aguirre-cerda\/#breadcrumb"},"inLanguage":"es-CL","potentialAction":[{"@type":"ReadAction","target":["https:\/\/web3.cl\/dev-infancia\/jardines\/pedro-aguirre-cerda\/"]}]},{"@type":"BreadcrumbList","@id":"https:\/\/web3.cl\/dev-infancia\/jardines\/pedro-aguirre-cerda\/#breadcrumb","itemListElement":[{"@type":"ListItem","position":1,"name":"Portada","item":"https:\/\/web3.cl\/dev-infancia\/"},{"@type":"ListItem","position":2,"name":"Jardines","item":"https:\/\/web3.cl\/dev-infancia\/jardines\/"},{"@type":"ListItem","position":3,"name":"Pedro Aguirre Cerda"}]},{"@type":"WebSite","@id":"https:\/\/web3.cl\/dev-infancia\/#website","url":"https:\/\/web3.cl\/dev-infancia\/","name":"Infancia","description":"Corporaci\u00f3n para la infancia de Santiago","potentialAction":[{"@type":"SearchAction","target":{"@type":"EntryPoint","urlTemplate":"https:\/\/web3.cl\/dev-infancia\/?s={search_term_string}"},"query-input":{"@type":"PropertyValueSpecification","valueRequired":true,"valueName":"search_term_string"}}],"inLanguage":"es-CL"}]}},"_links":{"self":[{"href":"https:\/\/web3.cl\/dev-infancia\/wp-json\/wp\/v2\/kindergartens\/158","targetHints":{"allow":["GET"]}}],"collection":[{"href":"https:\/\/web3.cl\/dev-infancia\/wp-json\/wp\/v2\/kindergartens"}],"about":[{"href":"https:\/\/web3.cl\/dev-infancia\/wp-json\/wp\/v2\/types\/jardines"}],"wp:attachment":[{"href":"https:\/\/web3.cl\/dev-infancia\/wp-json\/wp\/v2\/media?parent=158"}],"wp:term":[{"taxonomy":"category","embeddable":true,"href":"https:\/\/web3.cl\/dev-infancia\/wp-json\/wp\/v2\/categories?post=158"},{"taxonomy":"zona","embeddable":true,"href":"https:\/\/web3.cl\/dev-infancia\/wp-json\/wp\/v2\/zona?post=158"}],"curies":[{"name":"wp","href":"https:\/\/api.w.org\/{rel}","templated":true}]}}

Sala Cuna y Jardín Infantil

Fue inaugurado en 1995 en honor al Presidente Pedro Aguirre Cerda, cuyo lema “Gobernar es Educar”, representó la idea más fiel de ese gobierno: priorizar la labor educacional temprana para el desarrollo y crecimiento del país. Este jardín está situado en un barrio residencial, a pasos de la Escuela México y cercano a avenida Vickuña Mackenna.

<!-- This site is optimized with the Yoast SEO plugin v26.9 - https://yoast.com/product/yoast-seo-wordpress/ -->
<title>Pedro Aguirre Cerda - Infancia</title>
<meta name="robots" content="index, follow, max-snippet:-1, max-image-preview:large, max-video-preview:-1" />
<link rel="canonical" href="https://web3.cl/dev-infancia/jardines/pedro-aguirre-cerda/" />
<meta property="og:locale" content="es_ES" />
<meta property="og:type" content="article" />
<meta property="og:title" content="Pedro Aguirre Cerda - Infancia" />
<meta property="og:url" content="https://web3.cl/dev-infancia/jardines/pedro-aguirre-cerda/" />
<meta property="og:site_name" content="Infancia" />
<meta property="article:modified_time" content="2022-06-07T15:28:56+00:00" />
<meta name="twitter:card" content="summary_large_image" />
<script type="application/ld+json" class="yoast-schema-graph">{"@context":"https://schema.org","@graph":[{"@type":"WebPage","@id":"https://web3.cl/dev-infancia/jardines/pedro-aguirre-cerda/","url":"https://web3.cl/dev-infancia/jardines/pedro-aguirre-cerda/","name":"Pedro Aguirre Cerda - Infancia","isPartOf":{"@id":"https://web3.cl/dev-infancia/#website"},"datePublished":"2022-06-03T02:06:45+00:00","dateModified":"2022-06-07T15:28:56+00:00","breadcrumb":{"@id":"https://web3.cl/dev-infancia/jardines/pedro-aguirre-cerda/#breadcrumb"},"inLanguage":"es-CL","potentialAction":[{"@type":"ReadAction","target":["https://web3.cl/dev-infancia/jardines/pedro-aguirre-cerda/"]}]},{"@type":"BreadcrumbList","@id":"https://web3.cl/dev-infancia/jardines/pedro-aguirre-cerda/#breadcrumb","itemListElement":[{"@type":"ListItem","position":1,"name":"Portada","item":"https://web3.cl/dev-infancia/"},{"@type":"ListItem","position":2,"name":"Jardines","item":"https://web3.cl/dev-infancia/jardines/"},{"@type":"ListItem","position":3,"name":"Pedro Aguirre Cerda"}]},{"@type":"WebSite","@id":"https://web3.cl/dev-infancia/#website","url":"https://web3.cl/dev-infancia/","name":"Infancia","description":"Corporación para la infancia de Santiago","potentialAction":[{"@type":"SearchAction","target":{"@type":"EntryPoint","urlTemplate":"https://web3.cl/dev-infancia/?s={search_term_string}"},"query-input":{"@type":"PropertyValueSpecification","valueRequired":true,"valueName":"search_term_string"}}],"inLanguage":"es-CL"}]}</script>
<!-- / Yoast SEO plugin. -->

Corporación para la infancia de Santiago
