{"id":156,"date":"2022-06-02T23:04:53","date_gmt":"2022-06-03T02:04:53","guid":{"rendered":"https:\/\/web3.cl\/dev-infancia\/?post_type=jardines&#038;p=156"},"modified":"2022-06-07T12:25:34","modified_gmt":"2022-06-07T15:25:34","slug":"padre-alberto-hurtado","status":"publish","type":"jardines","link":"https:\/\/web3.cl\/dev-infancia\/jardines\/padre-alberto-hurtado\/","title":{"rendered":"Padre Alberto Hurtado"},"featured_media":0,"template":"","categories":[],"zona":[5],"class_list":["post-156","jardines","type-jardines","status-publish","hentry","zona-sur"],"acf":{"tipo":"Sala Cuna y Jard\u00edn Infantil","director_name":"Ang\u00e9lica Valenzuela","position":"Directora","address":"Zenteno 821 \/ Santiago Centro","phone_number":226979604,"email":"padrehurtado@infancia.cl","director_image":157,"address_coordinate":"<iframe src=\"https:\/\/www.google.com\/maps\/embed?pb=!1m14!1m8!1m3!1d53259.94979933226!2d-70.651491!3d-33.455901!3m2!1i1024!2i768!4f13.1!3m3!1m2!1s0x9662c50e09ce32b1%3A0x4ddcd2a5faa76b27!2sZenteno%20821%2C%20Santiago%2C%208330852%2C%20Regi%C3%B3n%20Metropolitana%2C%20Chile!5e0!3m2!1ses!2sus!4v1654221917605!5m2!1ses!2sus\" width=\"600\" height=\"450\" style=\"border:0;\" allowfullscreen=\"\" loading=\"lazy\" referrerpolicy=\"no-referrer-when-downgrade\"><\/iframe>","video":249,"sobre_el_jardin":"Este recinto fue inaugurado en 1995, en homenaje al fundador del Hogar de Cristo, Padre Alberto Hurtado. Est\u00e1 inserto en un barrio de alta vulnerabilidad social y surge como un espacio de acogida y cuidado, tanto para los ni\u00f1os y ni\u00f1as, como para sus familias. En al a\u00f1o 2007 fue inaugurada la sala cuna, con capacidad para 12 lactantes."},"yoast_head":"<!-- This site is optimized with the Yoast SEO plugin v26.9 - https:\/\/yoast.com\/product\/yoast-seo-wordpress\/ -->\n<title>Padre Alberto Hurtado - Infancia<\/title>\n<meta name=\"robots\" content=\"index, follow, max-snippet:-1, max-image-preview:large, max-video-preview:-1\" \/>\n<link rel=\"canonical\" href=\"https:\/\/web3.cl\/dev-infancia\/jardines\/padre-alberto-hurtado\/\" \/>\n<meta property=\"og:locale\" content=\"es_ES\" \/>\n<meta property=\"og:type\" content=\"article\" \/>\n<meta property=\"og:title\" content=\"Padre Alberto Hurtado - Infancia\" \/>\n<meta property=\"og:url\" content=\"https:\/\/web3.cl\/dev-infancia\/jardines\/padre-alberto-hurtado\/\" \/>\n<meta property=\"og:site_name\" content=\"Infancia\" \/>\n<meta property=\"article:modified_time\" content=\"2022-06-07T15:25:34+00:00\" \/>\n<meta name=\"twitter:card\" content=\"summary_large_image\" \/>\n<script type=\"application\/ld+json\" class=\"yoast-schema-graph\">{\"@context\":\"https:\/\/schema.org\",\"@graph\":[{\"@type\":\"WebPage\",\"@id\":\"https:\/\/web3.cl\/dev-infancia\/jardines\/padre-alberto-hurtado\/\",\"url\":\"https:\/\/web3.cl\/dev-infancia\/jardines\/padre-alberto-hurtado\/\",\"name\":\"Padre Alberto Hurtado - Infancia\",\"isPartOf\":{\"@id\":\"https:\/\/web3.cl\/dev-infancia\/#website\"},\"datePublished\":\"2022-06-03T02:04:53+00:00\",\"dateModified\":\"2022-06-07T15:25:34+00:00\",\"breadcrumb\":{\"@id\":\"https:\/\/web3.cl\/dev-infancia\/jardines\/padre-alberto-hurtado\/#breadcrumb\"},\"inLanguage\":\"es-CL\",\"potentialAction\":[{\"@type\":\"ReadAction\",\"target\":[\"https:\/\/web3.cl\/dev-infancia\/jardines\/padre-alberto-hurtado\/\"]}]},{\"@type\":\"BreadcrumbList\",\"@id\":\"https:\/\/web3.cl\/dev-infancia\/jardines\/padre-alberto-hurtado\/#breadcrumb\",\"itemListElement\":[{\"@type\":\"ListItem\",\"position\":1,\"name\":\"Portada\",\"item\":\"https:\/\/web3.cl\/dev-infancia\/\"},{\"@type\":\"ListItem\",\"position\":2,\"name\":\"Jardines\",\"item\":\"https:\/\/web3.cl\/dev-infancia\/jardines\/\"},{\"@type\":\"ListItem\",\"position\":3,\"name\":\"Padre Alberto Hurtado\"}]},{\"@type\":\"WebSite\",\"@id\":\"https:\/\/web3.cl\/dev-infancia\/#website\",\"url\":\"https:\/\/web3.cl\/dev-infancia\/\",\"name\":\"Infancia\",\"description\":\"Corporaci\u00f3n para la infancia de Santiago\",\"potentialAction\":[{\"@type\":\"SearchAction\",\"target\":{\"@type\":\"EntryPoint\",\"urlTemplate\":\"https:\/\/web3.cl\/dev-infancia\/?s={search_term_string}\"},\"query-input\":{\"@type\":\"PropertyValueSpecification\",\"valueRequired\":true,\"valueName\":\"search_term_string\"}}],\"inLanguage\":\"es-CL\"}]}<\/script>\n<!-- \/ Yoast SEO plugin. -->","yoast_head_json":{"title":"Padre Alberto Hurtado - Infancia","robots":{"index":"index","follow":"follow","max-snippet":"max-snippet:-1","max-image-preview":"max-image-preview:large","max-video-preview":"max-video-preview:-1"},"canonical":"https:\/\/web3.cl\/dev-infancia\/jardines\/padre-alberto-hurtado\/","og_locale":"es_ES","og_type":"article","og_title":"Padre Alberto Hurtado - Infancia","og_url":"https:\/\/web3.cl\/dev-infancia\/jardines\/padre-alberto-hurtado\/","og_site_name":"Infancia","article_modified_time":"2022-06-07T15:25:34+00:00","twitter_card":"summary_large_image","schema":{"@context":"https:\/\/schema.org","@graph":[{"@type":"WebPage","@id":"https:\/\/web3.cl\/dev-infancia\/jardines\/padre-alberto-hurtado\/","url":"https:\/\/web3.cl\/dev-infancia\/jardines\/padre-alberto-hurtado\/","name":"Padre Alberto Hurtado - Infancia","isPartOf":{"@id":"https:\/\/web3.cl\/dev-infancia\/#website"},"datePublished":"2022-06-03T02:04:53+00:00","dateModified":"2022-06-07T15:25:34+00:00","breadcrumb":{"@id":"https:\/\/web3.cl\/dev-infancia\/jardines\/padre-alberto-hurtado\/#breadcrumb"},"inLanguage":"es-CL","potentialAction":[{"@type":"ReadAction","target":["https:\/\/web3.cl\/dev-infancia\/jardines\/padre-alberto-hurtado\/"]}]},{"@type":"BreadcrumbList","@id":"https:\/\/web3.cl\/dev-infancia\/jardines\/padre-alberto-hurtado\/#breadcrumb","itemListElement":[{"@type":"ListItem","position":1,"name":"Portada","item":"https:\/\/web3.cl\/dev-infancia\/"},{"@type":"ListItem","position":2,"name":"Jardines","item":"https:\/\/web3.cl\/dev-infancia\/jardines\/"},{"@type":"ListItem","position":3,"name":"Padre Alberto Hurtado"}]},{"@type":"WebSite","@id":"https:\/\/web3.cl\/dev-infancia\/#website","url":"https:\/\/web3.cl\/dev-infancia\/","name":"Infancia","description":"Corporaci\u00f3n para la infancia de Santiago","potentialAction":[{"@type":"SearchAction","target":{"@type":"EntryPoint","urlTemplate":"https:\/\/web3.cl\/dev-infancia\/?s={search_term_string}"},"query-input":{"@type":"PropertyValueSpecification","valueRequired":true,"valueName":"search_term_string"}}],"inLanguage":"es-CL"}]}},"_links":{"self":[{"href":"https:\/\/web3.cl\/dev-infancia\/wp-json\/wp\/v2\/kindergartens\/156","targetHints":{"allow":["GET"]}}],"collection":[{"href":"https:\/\/web3.cl\/dev-infancia\/wp-json\/wp\/v2\/kindergartens"}],"about":[{"href":"https:\/\/web3.cl\/dev-infancia\/wp-json\/wp\/v2\/types\/jardines"}],"wp:attachment":[{"href":"https:\/\/web3.cl\/dev-infancia\/wp-json\/wp\/v2\/media?parent=156"}],"wp:term":[{"taxonomy":"category","embeddable":true,"href":"https:\/\/web3.cl\/dev-infancia\/wp-json\/wp\/v2\/categories?post=156"},{"taxonomy":"zona","embeddable":true,"href":"https:\/\/web3.cl\/dev-infancia\/wp-json\/wp\/v2\/zona?post=156"}],"curies":[{"name":"wp","href":"https:\/\/api.w.org\/{rel}","templated":true}]}}

Sala Cuna y Jardín Infantil

Angélica Valenzuela

Este recinto fue inaugurado en 1995, en homenaje al fundador del Hogar de Cristo, Padre Alberto Hurtado. Está inserto en un barrio de alta vulnerabilidad social y surge como un espacio de acogida y cuidado, tanto para los niños y niñas, como para sus familias. En al año 2007 fue inaugurada la sala cuna, con capacidad para 12 lactantes.

<!-- This site is optimized with the Yoast SEO plugin v26.9 - https://yoast.com/product/yoast-seo-wordpress/ -->
<title>Padre Alberto Hurtado - Infancia</title>
<meta name="robots" content="index, follow, max-snippet:-1, max-image-preview:large, max-video-preview:-1" />
<link rel="canonical" href="https://web3.cl/dev-infancia/jardines/padre-alberto-hurtado/" />
<meta property="og:locale" content="es_ES" />
<meta property="og:type" content="article" />
<meta property="og:title" content="Padre Alberto Hurtado - Infancia" />
<meta property="og:url" content="https://web3.cl/dev-infancia/jardines/padre-alberto-hurtado/" />
<meta property="og:site_name" content="Infancia" />
<meta property="article:modified_time" content="2022-06-07T15:25:34+00:00" />
<meta name="twitter:card" content="summary_large_image" />
<script type="application/ld+json" class="yoast-schema-graph">{"@context":"https://schema.org","@graph":[{"@type":"WebPage","@id":"https://web3.cl/dev-infancia/jardines/padre-alberto-hurtado/","url":"https://web3.cl/dev-infancia/jardines/padre-alberto-hurtado/","name":"Padre Alberto Hurtado - Infancia","isPartOf":{"@id":"https://web3.cl/dev-infancia/#website"},"datePublished":"2022-06-03T02:04:53+00:00","dateModified":"2022-06-07T15:25:34+00:00","breadcrumb":{"@id":"https://web3.cl/dev-infancia/jardines/padre-alberto-hurtado/#breadcrumb"},"inLanguage":"es-CL","potentialAction":[{"@type":"ReadAction","target":["https://web3.cl/dev-infancia/jardines/padre-alberto-hurtado/"]}]},{"@type":"BreadcrumbList","@id":"https://web3.cl/dev-infancia/jardines/padre-alberto-hurtado/#breadcrumb","itemListElement":[{"@type":"ListItem","position":1,"name":"Portada","item":"https://web3.cl/dev-infancia/"},{"@type":"ListItem","position":2,"name":"Jardines","item":"https://web3.cl/dev-infancia/jardines/"},{"@type":"ListItem","position":3,"name":"Padre Alberto Hurtado"}]},{"@type":"WebSite","@id":"https://web3.cl/dev-infancia/#website","url":"https://web3.cl/dev-infancia/","name":"Infancia","description":"Corporación para la infancia de Santiago","potentialAction":[{"@type":"SearchAction","target":{"@type":"EntryPoint","urlTemplate":"https://web3.cl/dev-infancia/?s={search_term_string}"},"query-input":{"@type":"PropertyValueSpecification","valueRequired":true,"valueName":"search_term_string"}}],"inLanguage":"es-CL"}]}</script>
<!-- / Yoast SEO plugin. -->

Corporación para la infancia de Santiago
