{"id":152,"date":"2022-06-02T22:59:04","date_gmt":"2022-06-03T01:59:04","guid":{"rendered":"https:\/\/web3.cl\/dev-infancia\/?post_type=jardines&#038;p=152"},"modified":"2022-06-23T11:45:29","modified_gmt":"2022-06-23T14:45:29","slug":"jardin-infantil-y-sala-cuna-nemesio-antunez","status":"publish","type":"jardines","link":"https:\/\/web3.cl\/dev-infancia\/jardines\/jardin-infantil-y-sala-cuna-nemesio-antunez\/","title":{"rendered":"Nemesio Ant\u00fanez"},"featured_media":0,"template":"","categories":[],"zona":[5],"class_list":["post-152","jardines","type-jardines","status-publish","hentry","zona-sur"],"acf":{"tipo":"Sala Cuna y Jard\u00edn Infantil","director_name":"Mar\u00eda Luisa del Valle","position":"Directora","address":"Waldo Silva 2185 \/ Santiago Centro","phone_number":225563736,"email":"nemesio@infancia.cl","director_image":153,"address_coordinate":"<iframe src=\"https:\/\/www.google.com\/maps\/embed?pb=!1m14!1m8!1m3!1d53248.562782384346!2d-70.65174100000002!3d-33.474435!3m2!1i1024!2i768!4f13.1!3m3!1m2!1s0x9662c53bde33f545%3A0xf285ccdab5db7cd7!2sWaldo%20Silva%202185%2C%20Santiago%2C%208361343%2C%20Regi%C3%B3n%20Metropolitana%2C%20Chile!5e0!3m2!1ses!2sus!4v1654221570620!5m2!1ses!2sus\" width=\"600\" height=\"450\" style=\"border:0;\" allowfullscreen=\"\" loading=\"lazy\" referrerpolicy=\"no-referrer-when-downgrade\"><\/iframe>","video":249,"sobre_el_jardin":"Inicio sus actividades en 1994 con 180 ni\u00f1os y ni\u00f1as residentes del barrio Huemul, quienes no contaban con colegios o jardines infantiles donde ser acogidos. Debido a la elevada demanda de sus servicio, este recinto aumento su matr\u00edcula a 182 ni\u00f1os y ni\u00f1as, transform\u00e1ndose en uno de los jardines m\u00e1s grandes de la Corporaci\u00f3n para la Infancia de Santiago."},"yoast_head":"<!-- This site is optimized with the Yoast SEO plugin v26.9 - https:\/\/yoast.com\/product\/yoast-seo-wordpress\/ -->\n<title>Nemesio Ant\u00fanez - Infancia<\/title>\n<meta name=\"robots\" content=\"index, follow, max-snippet:-1, max-image-preview:large, max-video-preview:-1\" \/>\n<link rel=\"canonical\" href=\"https:\/\/web3.cl\/dev-infancia\/jardines\/jardin-infantil-y-sala-cuna-nemesio-antunez\/\" \/>\n<meta property=\"og:locale\" content=\"es_ES\" \/>\n<meta property=\"og:type\" content=\"article\" \/>\n<meta property=\"og:title\" content=\"Nemesio Ant\u00fanez - Infancia\" \/>\n<meta property=\"og:url\" content=\"https:\/\/web3.cl\/dev-infancia\/jardines\/jardin-infantil-y-sala-cuna-nemesio-antunez\/\" \/>\n<meta property=\"og:site_name\" content=\"Infancia\" \/>\n<meta property=\"article:modified_time\" content=\"2022-06-23T14:45:29+00:00\" \/>\n<meta name=\"twitter:card\" content=\"summary_large_image\" \/>\n<script type=\"application\/ld+json\" class=\"yoast-schema-graph\">{\"@context\":\"https:\/\/schema.org\",\"@graph\":[{\"@type\":\"WebPage\",\"@id\":\"https:\/\/web3.cl\/dev-infancia\/jardines\/jardin-infantil-y-sala-cuna-nemesio-antunez\/\",\"url\":\"https:\/\/web3.cl\/dev-infancia\/jardines\/jardin-infantil-y-sala-cuna-nemesio-antunez\/\",\"name\":\"Nemesio Ant\u00fanez - Infancia\",\"isPartOf\":{\"@id\":\"https:\/\/web3.cl\/dev-infancia\/#website\"},\"datePublished\":\"2022-06-03T01:59:04+00:00\",\"dateModified\":\"2022-06-23T14:45:29+00:00\",\"breadcrumb\":{\"@id\":\"https:\/\/web3.cl\/dev-infancia\/jardines\/jardin-infantil-y-sala-cuna-nemesio-antunez\/#breadcrumb\"},\"inLanguage\":\"es-CL\",\"potentialAction\":[{\"@type\":\"ReadAction\",\"target\":[\"https:\/\/web3.cl\/dev-infancia\/jardines\/jardin-infantil-y-sala-cuna-nemesio-antunez\/\"]}]},{\"@type\":\"BreadcrumbList\",\"@id\":\"https:\/\/web3.cl\/dev-infancia\/jardines\/jardin-infantil-y-sala-cuna-nemesio-antunez\/#breadcrumb\",\"itemListElement\":[{\"@type\":\"ListItem\",\"position\":1,\"name\":\"Portada\",\"item\":\"https:\/\/web3.cl\/dev-infancia\/\"},{\"@type\":\"ListItem\",\"position\":2,\"name\":\"Jardines\",\"item\":\"https:\/\/web3.cl\/dev-infancia\/jardines\/\"},{\"@type\":\"ListItem\",\"position\":3,\"name\":\"Nemesio Ant\u00fanez\"}]},{\"@type\":\"WebSite\",\"@id\":\"https:\/\/web3.cl\/dev-infancia\/#website\",\"url\":\"https:\/\/web3.cl\/dev-infancia\/\",\"name\":\"Infancia\",\"description\":\"Corporaci\u00f3n para la infancia de Santiago\",\"potentialAction\":[{\"@type\":\"SearchAction\",\"target\":{\"@type\":\"EntryPoint\",\"urlTemplate\":\"https:\/\/web3.cl\/dev-infancia\/?s={search_term_string}\"},\"query-input\":{\"@type\":\"PropertyValueSpecification\",\"valueRequired\":true,\"valueName\":\"search_term_string\"}}],\"inLanguage\":\"es-CL\"}]}<\/script>\n<!-- \/ Yoast SEO plugin. -->","yoast_head_json":{"title":"Nemesio Ant\u00fanez - Infancia","robots":{"index":"index","follow":"follow","max-snippet":"max-snippet:-1","max-image-preview":"max-image-preview:large","max-video-preview":"max-video-preview:-1"},"canonical":"https:\/\/web3.cl\/dev-infancia\/jardines\/jardin-infantil-y-sala-cuna-nemesio-antunez\/","og_locale":"es_ES","og_type":"article","og_title":"Nemesio Ant\u00fanez - Infancia","og_url":"https:\/\/web3.cl\/dev-infancia\/jardines\/jardin-infantil-y-sala-cuna-nemesio-antunez\/","og_site_name":"Infancia","article_modified_time":"2022-06-23T14:45:29+00:00","twitter_card":"summary_large_image","schema":{"@context":"https:\/\/schema.org","@graph":[{"@type":"WebPage","@id":"https:\/\/web3.cl\/dev-infancia\/jardines\/jardin-infantil-y-sala-cuna-nemesio-antunez\/","url":"https:\/\/web3.cl\/dev-infancia\/jardines\/jardin-infantil-y-sala-cuna-nemesio-antunez\/","name":"Nemesio Ant\u00fanez - Infancia","isPartOf":{"@id":"https:\/\/web3.cl\/dev-infancia\/#website"},"datePublished":"2022-06-03T01:59:04+00:00","dateModified":"2022-06-23T14:45:29+00:00","breadcrumb":{"@id":"https:\/\/web3.cl\/dev-infancia\/jardines\/jardin-infantil-y-sala-cuna-nemesio-antunez\/#breadcrumb"},"inLanguage":"es-CL","potentialAction":[{"@type":"ReadAction","target":["https:\/\/web3.cl\/dev-infancia\/jardines\/jardin-infantil-y-sala-cuna-nemesio-antunez\/"]}]},{"@type":"BreadcrumbList","@id":"https:\/\/web3.cl\/dev-infancia\/jardines\/jardin-infantil-y-sala-cuna-nemesio-antunez\/#breadcrumb","itemListElement":[{"@type":"ListItem","position":1,"name":"Portada","item":"https:\/\/web3.cl\/dev-infancia\/"},{"@type":"ListItem","position":2,"name":"Jardines","item":"https:\/\/web3.cl\/dev-infancia\/jardines\/"},{"@type":"ListItem","position":3,"name":"Nemesio Ant\u00fanez"}]},{"@type":"WebSite","@id":"https:\/\/web3.cl\/dev-infancia\/#website","url":"https:\/\/web3.cl\/dev-infancia\/","name":"Infancia","description":"Corporaci\u00f3n para la infancia de Santiago","potentialAction":[{"@type":"SearchAction","target":{"@type":"EntryPoint","urlTemplate":"https:\/\/web3.cl\/dev-infancia\/?s={search_term_string}"},"query-input":{"@type":"PropertyValueSpecification","valueRequired":true,"valueName":"search_term_string"}}],"inLanguage":"es-CL"}]}},"_links":{"self":[{"href":"https:\/\/web3.cl\/dev-infancia\/wp-json\/wp\/v2\/kindergartens\/152","targetHints":{"allow":["GET"]}}],"collection":[{"href":"https:\/\/web3.cl\/dev-infancia\/wp-json\/wp\/v2\/kindergartens"}],"about":[{"href":"https:\/\/web3.cl\/dev-infancia\/wp-json\/wp\/v2\/types\/jardines"}],"wp:attachment":[{"href":"https:\/\/web3.cl\/dev-infancia\/wp-json\/wp\/v2\/media?parent=152"}],"wp:term":[{"taxonomy":"category","embeddable":true,"href":"https:\/\/web3.cl\/dev-infancia\/wp-json\/wp\/v2\/categories?post=152"},{"taxonomy":"zona","embeddable":true,"href":"https:\/\/web3.cl\/dev-infancia\/wp-json\/wp\/v2\/zona?post=152"}],"curies":[{"name":"wp","href":"https:\/\/api.w.org\/{rel}","templated":true}]}}

Nemesio Antúnez

Sala Cuna y Jardín Infantil

María Luisa del Valle

Inicio sus actividades en 1994 con 180 niños y niñas residentes del barrio Huemul, quienes no contaban con colegios o jardines infantiles donde ser acogidos. Debido a la elevada demanda de sus servicio, este recinto aumento su matrícula a 182 niños y niñas, transformándose en uno de los jardines más grandes de la Corporación para la Infancia de Santiago.

<!-- This site is optimized with the Yoast SEO plugin v26.9 - https://yoast.com/product/yoast-seo-wordpress/ -->
<title>Nemesio Antúnez - Infancia</title>
<meta name="robots" content="index, follow, max-snippet:-1, max-image-preview:large, max-video-preview:-1" />
<link rel="canonical" href="https://web3.cl/dev-infancia/jardines/jardin-infantil-y-sala-cuna-nemesio-antunez/" />
<meta property="og:locale" content="es_ES" />
<meta property="og:type" content="article" />
<meta property="og:title" content="Nemesio Antúnez - Infancia" />
<meta property="og:url" content="https://web3.cl/dev-infancia/jardines/jardin-infantil-y-sala-cuna-nemesio-antunez/" />
<meta property="og:site_name" content="Infancia" />
<meta property="article:modified_time" content="2022-06-23T14:45:29+00:00" />
<meta name="twitter:card" content="summary_large_image" />
<script type="application/ld+json" class="yoast-schema-graph">{"@context":"https://schema.org","@graph":[{"@type":"WebPage","@id":"https://web3.cl/dev-infancia/jardines/jardin-infantil-y-sala-cuna-nemesio-antunez/","url":"https://web3.cl/dev-infancia/jardines/jardin-infantil-y-sala-cuna-nemesio-antunez/","name":"Nemesio Antúnez - Infancia","isPartOf":{"@id":"https://web3.cl/dev-infancia/#website"},"datePublished":"2022-06-03T01:59:04+00:00","dateModified":"2022-06-23T14:45:29+00:00","breadcrumb":{"@id":"https://web3.cl/dev-infancia/jardines/jardin-infantil-y-sala-cuna-nemesio-antunez/#breadcrumb"},"inLanguage":"es-CL","potentialAction":[{"@type":"ReadAction","target":["https://web3.cl/dev-infancia/jardines/jardin-infantil-y-sala-cuna-nemesio-antunez/"]}]},{"@type":"BreadcrumbList","@id":"https://web3.cl/dev-infancia/jardines/jardin-infantil-y-sala-cuna-nemesio-antunez/#breadcrumb","itemListElement":[{"@type":"ListItem","position":1,"name":"Portada","item":"https://web3.cl/dev-infancia/"},{"@type":"ListItem","position":2,"name":"Jardines","item":"https://web3.cl/dev-infancia/jardines/"},{"@type":"ListItem","position":3,"name":"Nemesio Antúnez"}]},{"@type":"WebSite","@id":"https://web3.cl/dev-infancia/#website","url":"https://web3.cl/dev-infancia/","name":"Infancia","description":"Corporación para la infancia de Santiago","potentialAction":[{"@type":"SearchAction","target":{"@type":"EntryPoint","urlTemplate":"https://web3.cl/dev-infancia/?s={search_term_string}"},"query-input":{"@type":"PropertyValueSpecification","valueRequired":true,"valueName":"search_term_string"}}],"inLanguage":"es-CL"}]}</script>
<!-- / Yoast SEO plugin. -->

Nemesio Antúnez - Infancia

Corporación para la infancia de Santiago
