{"id":148,"date":"2022-06-02T22:55:10","date_gmt":"2022-06-03T01:55:10","guid":{"rendered":"https:\/\/web3.cl\/dev-infancia\/?post_type=jardines&#038;p=148"},"modified":"2022-06-23T11:46:41","modified_gmt":"2022-06-23T14:46:41","slug":"sala-cuna-marcela-paz","status":"publish","type":"jardines","link":"https:\/\/web3.cl\/dev-infancia\/jardines\/sala-cuna-marcela-paz\/","title":{"rendered":"Marcela Paz"},"featured_media":0,"template":"","categories":[],"zona":[5],"class_list":["post-148","jardines","type-jardines","status-publish","hentry","zona-sur"],"acf":{"tipo":"Sala Cuna","director_name":"Scarlett Mart\u00ednez","position":"Directora","address":"Zenteno 1695 \/ Santiago Centro","phone_number":225540162,"email":"marcelapaz@infancia.cl","director_image":149,"address_coordinate":"<iframe src=\"https:\/\/www.google.com\/maps\/embed?pb=!1m14!1m8!1m3!1d53252.07643185501!2d-70.649658!3d-33.468717!3m2!1i1024!2i768!4f13.1!3m3!1m2!1s0x9662c53e40957781%3A0x4cd6900817b09237!2sZenteno%201695%2C%20Santiago%2C%20Regi%C3%B3n%20Metropolitana%2C%20Chile!5e0!3m2!1ses!2sus!4v1654221335075!5m2!1ses!2sus\" width=\"600\" height=\"450\" style=\"border:0;\" allowfullscreen=\"\" loading=\"lazy\" referrerpolicy=\"no-referrer-when-downgrade\"><\/iframe>","video":249,"sobre_el_jardin":"Su nombre constituye un homenaje a la destacada escritora infantil, Esther Huneeus de Claro, creadora de Papelucho. Este establecimiento est\u00e1 situado al interior de la junta de vecinos Zenteno y fue inaugurada en el a\u00f1o 2007, convirti\u00e9ndose en una de las primeras infraestructuras dedicadas exclusivamente a la atenci\u00f3n de lactantes que administra la Corporaci\u00f3n para la Infancia de Santiago. Un avance que refleja el compromiso de esta instituci\u00f3n con el cuidado de la primera infancia y la integraci\u00f3n de sus madres al mundo laboral. Esta sala cuna recibe a 20 lactantes, cuyas familias se encuentran en situaci\u00f3n de riesgo y\/o vulnerabilidad social."},"yoast_head":"<!-- This site is optimized with the Yoast SEO plugin v26.9 - https:\/\/yoast.com\/product\/yoast-seo-wordpress\/ -->\n<title>Marcela Paz - Infancia<\/title>\n<meta name=\"robots\" content=\"index, follow, max-snippet:-1, max-image-preview:large, max-video-preview:-1\" \/>\n<link rel=\"canonical\" href=\"https:\/\/web3.cl\/dev-infancia\/jardines\/sala-cuna-marcela-paz\/\" \/>\n<meta property=\"og:locale\" content=\"es_ES\" \/>\n<meta property=\"og:type\" content=\"article\" \/>\n<meta property=\"og:title\" content=\"Marcela Paz - Infancia\" \/>\n<meta property=\"og:url\" content=\"https:\/\/web3.cl\/dev-infancia\/jardines\/sala-cuna-marcela-paz\/\" \/>\n<meta property=\"og:site_name\" content=\"Infancia\" \/>\n<meta property=\"article:modified_time\" content=\"2022-06-23T14:46:41+00:00\" \/>\n<meta name=\"twitter:card\" content=\"summary_large_image\" \/>\n<script type=\"application\/ld+json\" class=\"yoast-schema-graph\">{\"@context\":\"https:\/\/schema.org\",\"@graph\":[{\"@type\":\"WebPage\",\"@id\":\"https:\/\/web3.cl\/dev-infancia\/jardines\/sala-cuna-marcela-paz\/\",\"url\":\"https:\/\/web3.cl\/dev-infancia\/jardines\/sala-cuna-marcela-paz\/\",\"name\":\"Marcela Paz - Infancia\",\"isPartOf\":{\"@id\":\"https:\/\/web3.cl\/dev-infancia\/#website\"},\"datePublished\":\"2022-06-03T01:55:10+00:00\",\"dateModified\":\"2022-06-23T14:46:41+00:00\",\"breadcrumb\":{\"@id\":\"https:\/\/web3.cl\/dev-infancia\/jardines\/sala-cuna-marcela-paz\/#breadcrumb\"},\"inLanguage\":\"es-CL\",\"potentialAction\":[{\"@type\":\"ReadAction\",\"target\":[\"https:\/\/web3.cl\/dev-infancia\/jardines\/sala-cuna-marcela-paz\/\"]}]},{\"@type\":\"BreadcrumbList\",\"@id\":\"https:\/\/web3.cl\/dev-infancia\/jardines\/sala-cuna-marcela-paz\/#breadcrumb\",\"itemListElement\":[{\"@type\":\"ListItem\",\"position\":1,\"name\":\"Portada\",\"item\":\"https:\/\/web3.cl\/dev-infancia\/\"},{\"@type\":\"ListItem\",\"position\":2,\"name\":\"Jardines\",\"item\":\"https:\/\/web3.cl\/dev-infancia\/jardines\/\"},{\"@type\":\"ListItem\",\"position\":3,\"name\":\"Marcela Paz\"}]},{\"@type\":\"WebSite\",\"@id\":\"https:\/\/web3.cl\/dev-infancia\/#website\",\"url\":\"https:\/\/web3.cl\/dev-infancia\/\",\"name\":\"Infancia\",\"description\":\"Corporaci\u00f3n para la infancia de Santiago\",\"potentialAction\":[{\"@type\":\"SearchAction\",\"target\":{\"@type\":\"EntryPoint\",\"urlTemplate\":\"https:\/\/web3.cl\/dev-infancia\/?s={search_term_string}\"},\"query-input\":{\"@type\":\"PropertyValueSpecification\",\"valueRequired\":true,\"valueName\":\"search_term_string\"}}],\"inLanguage\":\"es-CL\"}]}<\/script>\n<!-- \/ Yoast SEO plugin. -->","yoast_head_json":{"title":"Marcela Paz - Infancia","robots":{"index":"index","follow":"follow","max-snippet":"max-snippet:-1","max-image-preview":"max-image-preview:large","max-video-preview":"max-video-preview:-1"},"canonical":"https:\/\/web3.cl\/dev-infancia\/jardines\/sala-cuna-marcela-paz\/","og_locale":"es_ES","og_type":"article","og_title":"Marcela Paz - Infancia","og_url":"https:\/\/web3.cl\/dev-infancia\/jardines\/sala-cuna-marcela-paz\/","og_site_name":"Infancia","article_modified_time":"2022-06-23T14:46:41+00:00","twitter_card":"summary_large_image","schema":{"@context":"https:\/\/schema.org","@graph":[{"@type":"WebPage","@id":"https:\/\/web3.cl\/dev-infancia\/jardines\/sala-cuna-marcela-paz\/","url":"https:\/\/web3.cl\/dev-infancia\/jardines\/sala-cuna-marcela-paz\/","name":"Marcela Paz - Infancia","isPartOf":{"@id":"https:\/\/web3.cl\/dev-infancia\/#website"},"datePublished":"2022-06-03T01:55:10+00:00","dateModified":"2022-06-23T14:46:41+00:00","breadcrumb":{"@id":"https:\/\/web3.cl\/dev-infancia\/jardines\/sala-cuna-marcela-paz\/#breadcrumb"},"inLanguage":"es-CL","potentialAction":[{"@type":"ReadAction","target":["https:\/\/web3.cl\/dev-infancia\/jardines\/sala-cuna-marcela-paz\/"]}]},{"@type":"BreadcrumbList","@id":"https:\/\/web3.cl\/dev-infancia\/jardines\/sala-cuna-marcela-paz\/#breadcrumb","itemListElement":[{"@type":"ListItem","position":1,"name":"Portada","item":"https:\/\/web3.cl\/dev-infancia\/"},{"@type":"ListItem","position":2,"name":"Jardines","item":"https:\/\/web3.cl\/dev-infancia\/jardines\/"},{"@type":"ListItem","position":3,"name":"Marcela Paz"}]},{"@type":"WebSite","@id":"https:\/\/web3.cl\/dev-infancia\/#website","url":"https:\/\/web3.cl\/dev-infancia\/","name":"Infancia","description":"Corporaci\u00f3n para la infancia de Santiago","potentialAction":[{"@type":"SearchAction","target":{"@type":"EntryPoint","urlTemplate":"https:\/\/web3.cl\/dev-infancia\/?s={search_term_string}"},"query-input":{"@type":"PropertyValueSpecification","valueRequired":true,"valueName":"search_term_string"}}],"inLanguage":"es-CL"}]}},"_links":{"self":[{"href":"https:\/\/web3.cl\/dev-infancia\/wp-json\/wp\/v2\/kindergartens\/148","targetHints":{"allow":["GET"]}}],"collection":[{"href":"https:\/\/web3.cl\/dev-infancia\/wp-json\/wp\/v2\/kindergartens"}],"about":[{"href":"https:\/\/web3.cl\/dev-infancia\/wp-json\/wp\/v2\/types\/jardines"}],"wp:attachment":[{"href":"https:\/\/web3.cl\/dev-infancia\/wp-json\/wp\/v2\/media?parent=148"}],"wp:term":[{"taxonomy":"category","embeddable":true,"href":"https:\/\/web3.cl\/dev-infancia\/wp-json\/wp\/v2\/categories?post=148"},{"taxonomy":"zona","embeddable":true,"href":"https:\/\/web3.cl\/dev-infancia\/wp-json\/wp\/v2\/zona?post=148"}],"curies":[{"name":"wp","href":"https:\/\/api.w.org\/{rel}","templated":true}]}}

Scarlett Martínez

Su nombre constituye un homenaje a la destacada escritora infantil, Esther Huneeus de Claro, creadora de Papelucho. Este establecimiento está situado al interior de la junta de vecinos Zenteno y fue inaugurada en el año 2007, convirtiéndose en una de las primeras infraestructuras dedicadas exclusivamente a la atención de lactantes que administra la Corporación para la Infancia de Santiago. Un avance que refleja el compromiso de esta institución con el cuidado de la primera infancia y la integración de sus madres al mundo laboral. Esta sala cuna recibe a 20 lactantes, cuyas familias se encuentran en situación de riesgo y/o vulnerabilidad social.

<!-- This site is optimized with the Yoast SEO plugin v26.9 - https://yoast.com/product/yoast-seo-wordpress/ -->
<title>Marcela Paz - Infancia</title>
<meta name="robots" content="index, follow, max-snippet:-1, max-image-preview:large, max-video-preview:-1" />
<link rel="canonical" href="https://web3.cl/dev-infancia/jardines/sala-cuna-marcela-paz/" />
<meta property="og:locale" content="es_ES" />
<meta property="og:type" content="article" />
<meta property="og:title" content="Marcela Paz - Infancia" />
<meta property="og:url" content="https://web3.cl/dev-infancia/jardines/sala-cuna-marcela-paz/" />
<meta property="og:site_name" content="Infancia" />
<meta property="article:modified_time" content="2022-06-23T14:46:41+00:00" />
<meta name="twitter:card" content="summary_large_image" />
<script type="application/ld+json" class="yoast-schema-graph">{"@context":"https://schema.org","@graph":[{"@type":"WebPage","@id":"https://web3.cl/dev-infancia/jardines/sala-cuna-marcela-paz/","url":"https://web3.cl/dev-infancia/jardines/sala-cuna-marcela-paz/","name":"Marcela Paz - Infancia","isPartOf":{"@id":"https://web3.cl/dev-infancia/#website"},"datePublished":"2022-06-03T01:55:10+00:00","dateModified":"2022-06-23T14:46:41+00:00","breadcrumb":{"@id":"https://web3.cl/dev-infancia/jardines/sala-cuna-marcela-paz/#breadcrumb"},"inLanguage":"es-CL","potentialAction":[{"@type":"ReadAction","target":["https://web3.cl/dev-infancia/jardines/sala-cuna-marcela-paz/"]}]},{"@type":"BreadcrumbList","@id":"https://web3.cl/dev-infancia/jardines/sala-cuna-marcela-paz/#breadcrumb","itemListElement":[{"@type":"ListItem","position":1,"name":"Portada","item":"https://web3.cl/dev-infancia/"},{"@type":"ListItem","position":2,"name":"Jardines","item":"https://web3.cl/dev-infancia/jardines/"},{"@type":"ListItem","position":3,"name":"Marcela Paz"}]},{"@type":"WebSite","@id":"https://web3.cl/dev-infancia/#website","url":"https://web3.cl/dev-infancia/","name":"Infancia","description":"Corporación para la infancia de Santiago","potentialAction":[{"@type":"SearchAction","target":{"@type":"EntryPoint","urlTemplate":"https://web3.cl/dev-infancia/?s={search_term_string}"},"query-input":{"@type":"PropertyValueSpecification","valueRequired":true,"valueName":"search_term_string"}}],"inLanguage":"es-CL"}]}</script>
<!-- / Yoast SEO plugin. -->

Corporación para la infancia de Santiago
