{"id":138,"date":"2022-06-02T18:56:07","date_gmt":"2022-06-02T21:56:07","guid":{"rendered":"https:\/\/web3.cl\/dev-infancia\/?post_type=jardines&#038;p=138"},"modified":"2022-06-07T12:25:49","modified_gmt":"2022-06-07T15:25:49","slug":"apostol-santiago","status":"publish","type":"jardines","link":"https:\/\/web3.cl\/dev-infancia\/jardines\/apostol-santiago\/","title":{"rendered":"Apostol Santiago"},"featured_media":0,"template":"","categories":[],"zona":[5],"class_list":["post-138","jardines","type-jardines","status-publish","hentry","zona-sur"],"acf":{"tipo":"Sala Cuna y Jard\u00edn Infantil","director_name":"B\u00e1rbara Ensignia","position":"Directora","address":"Tocornal 1445 \/ Santiago Centro","phone_number":225564391,"email":"apostolsantiago@infancia.cl","director_image":139,"address_coordinate":"<iframe src=\"https:\/\/www.google.com\/maps\/embed?pb=!1m14!1m8!1m3!1d6656.925655649155!2d-70.636786!3d-33.463299000000006!3m2!1i1024!2i768!4f13.1!3m3!1m2!1s0x9662c569b21a3845%3A0x1a6bfe43f60ab627!2sManuel%20Antonio%20Tocornal%201445%2C%20Santiago%2C%20Regi%C3%B3n%20Metropolitana!5e0!3m2!1ses!2scl!4v1654206988023!5m2!1ses!2scl\" width=\"600\" height=\"450\" style=\"border:0;\" allowfullscreen=\"\" loading=\"lazy\" referrerpolicy=\"no-referrer-when-downgrade\"><\/iframe>","video":249,"sobre_el_jardin":"Debe su nombre al Patrono de la ciudad y de la Arquidi\u00f3cesis de Santiago. Se encuentra emplazado en las dependencias de lo que fue la antigua Escuela Bolivia, un espacio que hoy es compartido con la Corporaci\u00f3n Santiago Innova. Con una matr\u00edcula inicial de 144 ni\u00f1os y ni\u00f1as, este jard\u00edn ha recibido y entregado alimentaci\u00f3n completa a los ni\u00f1os y ni\u00f1as residentes del sector sur de la comuna. Durante los a\u00f1os 2006 y 2007 fueron abiertas dos salas cuna, cuyos equipos reciben y atienden diariamente a 42 ni\u00f1os y ni\u00f1as en edad de lactancia. En el a\u00f1o 2011, se incorporan nuevas salas para este nivel, considerando la demanda, llegando a atender 84 ni\u00f1os y ni\u00f1as en este."},"yoast_head":"<!-- This site is optimized with the Yoast SEO plugin v26.9 - https:\/\/yoast.com\/product\/yoast-seo-wordpress\/ -->\n<title>Apostol Santiago - Infancia<\/title>\n<meta name=\"robots\" content=\"index, follow, max-snippet:-1, max-image-preview:large, max-video-preview:-1\" \/>\n<link rel=\"canonical\" href=\"https:\/\/web3.cl\/dev-infancia\/jardines\/apostol-santiago\/\" \/>\n<meta property=\"og:locale\" content=\"es_ES\" \/>\n<meta property=\"og:type\" content=\"article\" \/>\n<meta property=\"og:title\" content=\"Apostol Santiago - Infancia\" \/>\n<meta property=\"og:url\" content=\"https:\/\/web3.cl\/dev-infancia\/jardines\/apostol-santiago\/\" \/>\n<meta property=\"og:site_name\" content=\"Infancia\" \/>\n<meta property=\"article:modified_time\" content=\"2022-06-07T15:25:49+00:00\" \/>\n<meta name=\"twitter:card\" content=\"summary_large_image\" \/>\n<script type=\"application\/ld+json\" class=\"yoast-schema-graph\">{\"@context\":\"https:\/\/schema.org\",\"@graph\":[{\"@type\":\"WebPage\",\"@id\":\"https:\/\/web3.cl\/dev-infancia\/jardines\/apostol-santiago\/\",\"url\":\"https:\/\/web3.cl\/dev-infancia\/jardines\/apostol-santiago\/\",\"name\":\"Apostol Santiago - Infancia\",\"isPartOf\":{\"@id\":\"https:\/\/web3.cl\/dev-infancia\/#website\"},\"datePublished\":\"2022-06-02T21:56:07+00:00\",\"dateModified\":\"2022-06-07T15:25:49+00:00\",\"breadcrumb\":{\"@id\":\"https:\/\/web3.cl\/dev-infancia\/jardines\/apostol-santiago\/#breadcrumb\"},\"inLanguage\":\"es-CL\",\"potentialAction\":[{\"@type\":\"ReadAction\",\"target\":[\"https:\/\/web3.cl\/dev-infancia\/jardines\/apostol-santiago\/\"]}]},{\"@type\":\"BreadcrumbList\",\"@id\":\"https:\/\/web3.cl\/dev-infancia\/jardines\/apostol-santiago\/#breadcrumb\",\"itemListElement\":[{\"@type\":\"ListItem\",\"position\":1,\"name\":\"Portada\",\"item\":\"https:\/\/web3.cl\/dev-infancia\/\"},{\"@type\":\"ListItem\",\"position\":2,\"name\":\"Jardines\",\"item\":\"https:\/\/web3.cl\/dev-infancia\/jardines\/\"},{\"@type\":\"ListItem\",\"position\":3,\"name\":\"Apostol Santiago\"}]},{\"@type\":\"WebSite\",\"@id\":\"https:\/\/web3.cl\/dev-infancia\/#website\",\"url\":\"https:\/\/web3.cl\/dev-infancia\/\",\"name\":\"Infancia\",\"description\":\"Corporaci\u00f3n para la infancia de Santiago\",\"potentialAction\":[{\"@type\":\"SearchAction\",\"target\":{\"@type\":\"EntryPoint\",\"urlTemplate\":\"https:\/\/web3.cl\/dev-infancia\/?s={search_term_string}\"},\"query-input\":{\"@type\":\"PropertyValueSpecification\",\"valueRequired\":true,\"valueName\":\"search_term_string\"}}],\"inLanguage\":\"es-CL\"}]}<\/script>\n<!-- \/ Yoast SEO plugin. -->","yoast_head_json":{"title":"Apostol Santiago - Infancia","robots":{"index":"index","follow":"follow","max-snippet":"max-snippet:-1","max-image-preview":"max-image-preview:large","max-video-preview":"max-video-preview:-1"},"canonical":"https:\/\/web3.cl\/dev-infancia\/jardines\/apostol-santiago\/","og_locale":"es_ES","og_type":"article","og_title":"Apostol Santiago - Infancia","og_url":"https:\/\/web3.cl\/dev-infancia\/jardines\/apostol-santiago\/","og_site_name":"Infancia","article_modified_time":"2022-06-07T15:25:49+00:00","twitter_card":"summary_large_image","schema":{"@context":"https:\/\/schema.org","@graph":[{"@type":"WebPage","@id":"https:\/\/web3.cl\/dev-infancia\/jardines\/apostol-santiago\/","url":"https:\/\/web3.cl\/dev-infancia\/jardines\/apostol-santiago\/","name":"Apostol Santiago - Infancia","isPartOf":{"@id":"https:\/\/web3.cl\/dev-infancia\/#website"},"datePublished":"2022-06-02T21:56:07+00:00","dateModified":"2022-06-07T15:25:49+00:00","breadcrumb":{"@id":"https:\/\/web3.cl\/dev-infancia\/jardines\/apostol-santiago\/#breadcrumb"},"inLanguage":"es-CL","potentialAction":[{"@type":"ReadAction","target":["https:\/\/web3.cl\/dev-infancia\/jardines\/apostol-santiago\/"]}]},{"@type":"BreadcrumbList","@id":"https:\/\/web3.cl\/dev-infancia\/jardines\/apostol-santiago\/#breadcrumb","itemListElement":[{"@type":"ListItem","position":1,"name":"Portada","item":"https:\/\/web3.cl\/dev-infancia\/"},{"@type":"ListItem","position":2,"name":"Jardines","item":"https:\/\/web3.cl\/dev-infancia\/jardines\/"},{"@type":"ListItem","position":3,"name":"Apostol Santiago"}]},{"@type":"WebSite","@id":"https:\/\/web3.cl\/dev-infancia\/#website","url":"https:\/\/web3.cl\/dev-infancia\/","name":"Infancia","description":"Corporaci\u00f3n para la infancia de Santiago","potentialAction":[{"@type":"SearchAction","target":{"@type":"EntryPoint","urlTemplate":"https:\/\/web3.cl\/dev-infancia\/?s={search_term_string}"},"query-input":{"@type":"PropertyValueSpecification","valueRequired":true,"valueName":"search_term_string"}}],"inLanguage":"es-CL"}]}},"_links":{"self":[{"href":"https:\/\/web3.cl\/dev-infancia\/wp-json\/wp\/v2\/kindergartens\/138","targetHints":{"allow":["GET"]}}],"collection":[{"href":"https:\/\/web3.cl\/dev-infancia\/wp-json\/wp\/v2\/kindergartens"}],"about":[{"href":"https:\/\/web3.cl\/dev-infancia\/wp-json\/wp\/v2\/types\/jardines"}],"wp:attachment":[{"href":"https:\/\/web3.cl\/dev-infancia\/wp-json\/wp\/v2\/media?parent=138"}],"wp:term":[{"taxonomy":"category","embeddable":true,"href":"https:\/\/web3.cl\/dev-infancia\/wp-json\/wp\/v2\/categories?post=138"},{"taxonomy":"zona","embeddable":true,"href":"https:\/\/web3.cl\/dev-infancia\/wp-json\/wp\/v2\/zona?post=138"}],"curies":[{"name":"wp","href":"https:\/\/api.w.org\/{rel}","templated":true}]}}

Sala Cuna y Jardín Infantil

Bárbara Ensignia

Debe su nombre al Patrono de la ciudad y de la Arquidiócesis de Santiago. Se encuentra emplazado en las dependencias de lo que fue la antigua Escuela Bolivia, un espacio que hoy es compartido con la Corporación Santiago Innova. Con una matrícula inicial de 144 niños y niñas, este jardín ha recibido y entregado alimentación completa a los niños y niñas residentes del sector sur de la comuna. Durante los años 2006 y 2007 fueron abiertas dos salas cuna, cuyos equipos reciben y atienden diariamente a 42 niños y niñas en edad de lactancia. En el año 2011, se incorporan nuevas salas para este nivel, considerando la demanda, llegando a atender 84 niños y niñas en este.

<!-- This site is optimized with the Yoast SEO plugin v26.9 - https://yoast.com/product/yoast-seo-wordpress/ -->
<title>Apostol Santiago - Infancia</title>
<meta name="robots" content="index, follow, max-snippet:-1, max-image-preview:large, max-video-preview:-1" />
<link rel="canonical" href="https://web3.cl/dev-infancia/jardines/apostol-santiago/" />
<meta property="og:locale" content="es_ES" />
<meta property="og:type" content="article" />
<meta property="og:title" content="Apostol Santiago - Infancia" />
<meta property="og:url" content="https://web3.cl/dev-infancia/jardines/apostol-santiago/" />
<meta property="og:site_name" content="Infancia" />
<meta property="article:modified_time" content="2022-06-07T15:25:49+00:00" />
<meta name="twitter:card" content="summary_large_image" />
<script type="application/ld+json" class="yoast-schema-graph">{"@context":"https://schema.org","@graph":[{"@type":"WebPage","@id":"https://web3.cl/dev-infancia/jardines/apostol-santiago/","url":"https://web3.cl/dev-infancia/jardines/apostol-santiago/","name":"Apostol Santiago - Infancia","isPartOf":{"@id":"https://web3.cl/dev-infancia/#website"},"datePublished":"2022-06-02T21:56:07+00:00","dateModified":"2022-06-07T15:25:49+00:00","breadcrumb":{"@id":"https://web3.cl/dev-infancia/jardines/apostol-santiago/#breadcrumb"},"inLanguage":"es-CL","potentialAction":[{"@type":"ReadAction","target":["https://web3.cl/dev-infancia/jardines/apostol-santiago/"]}]},{"@type":"BreadcrumbList","@id":"https://web3.cl/dev-infancia/jardines/apostol-santiago/#breadcrumb","itemListElement":[{"@type":"ListItem","position":1,"name":"Portada","item":"https://web3.cl/dev-infancia/"},{"@type":"ListItem","position":2,"name":"Jardines","item":"https://web3.cl/dev-infancia/jardines/"},{"@type":"ListItem","position":3,"name":"Apostol Santiago"}]},{"@type":"WebSite","@id":"https://web3.cl/dev-infancia/#website","url":"https://web3.cl/dev-infancia/","name":"Infancia","description":"Corporación para la infancia de Santiago","potentialAction":[{"@type":"SearchAction","target":{"@type":"EntryPoint","urlTemplate":"https://web3.cl/dev-infancia/?s={search_term_string}"},"query-input":{"@type":"PropertyValueSpecification","valueRequired":true,"valueName":"search_term_string"}}],"inLanguage":"es-CL"}]}</script>
<!-- / Yoast SEO plugin. -->

Corporación para la infancia de Santiago
