{"id":136,"date":"2022-06-02T18:53:34","date_gmt":"2022-06-02T21:53:34","guid":{"rendered":"https:\/\/web3.cl\/dev-infancia\/?post_type=jardines&#038;p=136"},"modified":"2022-06-23T12:14:05","modified_gmt":"2022-06-23T15:14:05","slug":"sotomayor","status":"publish","type":"jardines","link":"https:\/\/web3.cl\/dev-infancia\/jardines\/sotomayor\/","title":{"rendered":"Sotomayor"},"featured_media":0,"template":"","categories":[],"zona":[3],"class_list":["post-136","jardines","type-jardines","status-publish","hentry","zona-norte"],"acf":{"tipo":"Jard\u00edn Infantil","director_name":"Natalia Opazo","position":"Directora","address":"Rafael Sotomayor 165 \/ Santiago Centro","phone_number":226825165,"email":"sotomayor@infancia.cl","director_image":1071,"address_coordinate":"<iframe src=\"https:\/\/www.google.com\/maps\/embed?pb=!1m14!1m8!1m3!1d53267.46497767516!2d-70.672878!3d-33.443664!3m2!1i1024!2i768!4f13.1!3m3!1m2!1s0x9662c453889cded5%3A0x3ef2c31b87ef62aa!2sRafael%20Sotomayor%20165%2C%20Santiago%2C%20Regi%C3%B3n%20Metropolitana%2C%20Chile!5e0!3m2!1ses!2sus!4v1654206834928!5m2!1ses!2sus\" width=\"600\" height=\"450\" style=\"border:0;\" allowfullscreen=\"\" loading=\"lazy\" referrerpolicy=\"no-referrer-when-downgrade\"><\/iframe>","video":249,"sobre_el_jardin":"Inici\u00f3 su funcionamiento al interior de una sede social, la cual comparti\u00f3 parte de su infraestructura para habilitar una guarder\u00eda. En ella, madres cuidadoras entregaban atenci\u00f3n a los ni\u00f1os y ni\u00f1as de las familias de escasos recursos de la comuna que buscaban un lugar seguro para dejar a sus ni\u00f1os y ni\u00f1as durante la jornada laboral. Con el transcurso de los a\u00f1os, se convirti\u00f3 en centro de alta demanda e integraci\u00f3n familiar, lo que oblig\u00f3 a perfeccionar la atenci\u00f3n a trav\u00e9s de profesionales de educaci\u00f3n preescolar, convirti\u00e9ndose hoy en un jard\u00edn infantil que recibe a 40 ni\u00f1os y ni\u00f1as de 2 a 3 a\u00f1os."},"yoast_head":"<!-- This site is optimized with the Yoast SEO plugin v26.9 - https:\/\/yoast.com\/product\/yoast-seo-wordpress\/ -->\n<title>Sotomayor - Infancia<\/title>\n<meta name=\"robots\" content=\"index, follow, max-snippet:-1, max-image-preview:large, max-video-preview:-1\" \/>\n<link rel=\"canonical\" href=\"https:\/\/web3.cl\/dev-infancia\/jardines\/sotomayor\/\" \/>\n<meta property=\"og:locale\" content=\"es_ES\" \/>\n<meta property=\"og:type\" content=\"article\" \/>\n<meta property=\"og:title\" content=\"Sotomayor - Infancia\" \/>\n<meta property=\"og:url\" content=\"https:\/\/web3.cl\/dev-infancia\/jardines\/sotomayor\/\" \/>\n<meta property=\"og:site_name\" content=\"Infancia\" \/>\n<meta property=\"article:modified_time\" content=\"2022-06-23T15:14:05+00:00\" \/>\n<meta name=\"twitter:card\" content=\"summary_large_image\" \/>\n<script type=\"application\/ld+json\" class=\"yoast-schema-graph\">{\"@context\":\"https:\/\/schema.org\",\"@graph\":[{\"@type\":\"WebPage\",\"@id\":\"https:\/\/web3.cl\/dev-infancia\/jardines\/sotomayor\/\",\"url\":\"https:\/\/web3.cl\/dev-infancia\/jardines\/sotomayor\/\",\"name\":\"Sotomayor - Infancia\",\"isPartOf\":{\"@id\":\"https:\/\/web3.cl\/dev-infancia\/#website\"},\"datePublished\":\"2022-06-02T21:53:34+00:00\",\"dateModified\":\"2022-06-23T15:14:05+00:00\",\"breadcrumb\":{\"@id\":\"https:\/\/web3.cl\/dev-infancia\/jardines\/sotomayor\/#breadcrumb\"},\"inLanguage\":\"es-CL\",\"potentialAction\":[{\"@type\":\"ReadAction\",\"target\":[\"https:\/\/web3.cl\/dev-infancia\/jardines\/sotomayor\/\"]}]},{\"@type\":\"BreadcrumbList\",\"@id\":\"https:\/\/web3.cl\/dev-infancia\/jardines\/sotomayor\/#breadcrumb\",\"itemListElement\":[{\"@type\":\"ListItem\",\"position\":1,\"name\":\"Portada\",\"item\":\"https:\/\/web3.cl\/dev-infancia\/\"},{\"@type\":\"ListItem\",\"position\":2,\"name\":\"Jardines\",\"item\":\"https:\/\/web3.cl\/dev-infancia\/jardines\/\"},{\"@type\":\"ListItem\",\"position\":3,\"name\":\"Sotomayor\"}]},{\"@type\":\"WebSite\",\"@id\":\"https:\/\/web3.cl\/dev-infancia\/#website\",\"url\":\"https:\/\/web3.cl\/dev-infancia\/\",\"name\":\"Infancia\",\"description\":\"Corporaci\u00f3n para la infancia de Santiago\",\"potentialAction\":[{\"@type\":\"SearchAction\",\"target\":{\"@type\":\"EntryPoint\",\"urlTemplate\":\"https:\/\/web3.cl\/dev-infancia\/?s={search_term_string}\"},\"query-input\":{\"@type\":\"PropertyValueSpecification\",\"valueRequired\":true,\"valueName\":\"search_term_string\"}}],\"inLanguage\":\"es-CL\"}]}<\/script>\n<!-- \/ Yoast SEO plugin. -->","yoast_head_json":{"title":"Sotomayor - Infancia","robots":{"index":"index","follow":"follow","max-snippet":"max-snippet:-1","max-image-preview":"max-image-preview:large","max-video-preview":"max-video-preview:-1"},"canonical":"https:\/\/web3.cl\/dev-infancia\/jardines\/sotomayor\/","og_locale":"es_ES","og_type":"article","og_title":"Sotomayor - Infancia","og_url":"https:\/\/web3.cl\/dev-infancia\/jardines\/sotomayor\/","og_site_name":"Infancia","article_modified_time":"2022-06-23T15:14:05+00:00","twitter_card":"summary_large_image","schema":{"@context":"https:\/\/schema.org","@graph":[{"@type":"WebPage","@id":"https:\/\/web3.cl\/dev-infancia\/jardines\/sotomayor\/","url":"https:\/\/web3.cl\/dev-infancia\/jardines\/sotomayor\/","name":"Sotomayor - Infancia","isPartOf":{"@id":"https:\/\/web3.cl\/dev-infancia\/#website"},"datePublished":"2022-06-02T21:53:34+00:00","dateModified":"2022-06-23T15:14:05+00:00","breadcrumb":{"@id":"https:\/\/web3.cl\/dev-infancia\/jardines\/sotomayor\/#breadcrumb"},"inLanguage":"es-CL","potentialAction":[{"@type":"ReadAction","target":["https:\/\/web3.cl\/dev-infancia\/jardines\/sotomayor\/"]}]},{"@type":"BreadcrumbList","@id":"https:\/\/web3.cl\/dev-infancia\/jardines\/sotomayor\/#breadcrumb","itemListElement":[{"@type":"ListItem","position":1,"name":"Portada","item":"https:\/\/web3.cl\/dev-infancia\/"},{"@type":"ListItem","position":2,"name":"Jardines","item":"https:\/\/web3.cl\/dev-infancia\/jardines\/"},{"@type":"ListItem","position":3,"name":"Sotomayor"}]},{"@type":"WebSite","@id":"https:\/\/web3.cl\/dev-infancia\/#website","url":"https:\/\/web3.cl\/dev-infancia\/","name":"Infancia","description":"Corporaci\u00f3n para la infancia de Santiago","potentialAction":[{"@type":"SearchAction","target":{"@type":"EntryPoint","urlTemplate":"https:\/\/web3.cl\/dev-infancia\/?s={search_term_string}"},"query-input":{"@type":"PropertyValueSpecification","valueRequired":true,"valueName":"search_term_string"}}],"inLanguage":"es-CL"}]}},"_links":{"self":[{"href":"https:\/\/web3.cl\/dev-infancia\/wp-json\/wp\/v2\/kindergartens\/136","targetHints":{"allow":["GET"]}}],"collection":[{"href":"https:\/\/web3.cl\/dev-infancia\/wp-json\/wp\/v2\/kindergartens"}],"about":[{"href":"https:\/\/web3.cl\/dev-infancia\/wp-json\/wp\/v2\/types\/jardines"}],"wp:attachment":[{"href":"https:\/\/web3.cl\/dev-infancia\/wp-json\/wp\/v2\/media?parent=136"}],"wp:term":[{"taxonomy":"category","embeddable":true,"href":"https:\/\/web3.cl\/dev-infancia\/wp-json\/wp\/v2\/categories?post=136"},{"taxonomy":"zona","embeddable":true,"href":"https:\/\/web3.cl\/dev-infancia\/wp-json\/wp\/v2\/zona?post=136"}],"curies":[{"name":"wp","href":"https:\/\/api.w.org\/{rel}","templated":true}]}}

Jardín Infantil

Inició su funcionamiento al interior de una sede social, la cual compartió parte de su infraestructura para habilitar una guardería. En ella, madres cuidadoras entregaban atención a los niños y niñas de las familias de escasos recursos de la comuna que buscaban un lugar seguro para dejar a sus niños y niñas durante la jornada laboral. Con el transcurso de los años, se convirtió en centro de alta demanda e integración familiar, lo que obligó a perfeccionar la atención a través de profesionales de educación preescolar, convirtiéndose hoy en un jardín infantil que recibe a 40 niños y niñas de 2 a 3 años.

<!-- This site is optimized with the Yoast SEO plugin v26.9 - https://yoast.com/product/yoast-seo-wordpress/ -->
<title>Sotomayor - Infancia</title>
<meta name="robots" content="index, follow, max-snippet:-1, max-image-preview:large, max-video-preview:-1" />
<link rel="canonical" href="https://web3.cl/dev-infancia/jardines/sotomayor/" />
<meta property="og:locale" content="es_ES" />
<meta property="og:type" content="article" />
<meta property="og:title" content="Sotomayor - Infancia" />
<meta property="og:url" content="https://web3.cl/dev-infancia/jardines/sotomayor/" />
<meta property="og:site_name" content="Infancia" />
<meta property="article:modified_time" content="2022-06-23T15:14:05+00:00" />
<meta name="twitter:card" content="summary_large_image" />
<script type="application/ld+json" class="yoast-schema-graph">{"@context":"https://schema.org","@graph":[{"@type":"WebPage","@id":"https://web3.cl/dev-infancia/jardines/sotomayor/","url":"https://web3.cl/dev-infancia/jardines/sotomayor/","name":"Sotomayor - Infancia","isPartOf":{"@id":"https://web3.cl/dev-infancia/#website"},"datePublished":"2022-06-02T21:53:34+00:00","dateModified":"2022-06-23T15:14:05+00:00","breadcrumb":{"@id":"https://web3.cl/dev-infancia/jardines/sotomayor/#breadcrumb"},"inLanguage":"es-CL","potentialAction":[{"@type":"ReadAction","target":["https://web3.cl/dev-infancia/jardines/sotomayor/"]}]},{"@type":"BreadcrumbList","@id":"https://web3.cl/dev-infancia/jardines/sotomayor/#breadcrumb","itemListElement":[{"@type":"ListItem","position":1,"name":"Portada","item":"https://web3.cl/dev-infancia/"},{"@type":"ListItem","position":2,"name":"Jardines","item":"https://web3.cl/dev-infancia/jardines/"},{"@type":"ListItem","position":3,"name":"Sotomayor"}]},{"@type":"WebSite","@id":"https://web3.cl/dev-infancia/#website","url":"https://web3.cl/dev-infancia/","name":"Infancia","description":"Corporación para la infancia de Santiago","potentialAction":[{"@type":"SearchAction","target":{"@type":"EntryPoint","urlTemplate":"https://web3.cl/dev-infancia/?s={search_term_string}"},"query-input":{"@type":"PropertyValueSpecification","valueRequired":true,"valueName":"search_term_string"}}],"inLanguage":"es-CL"}]}</script>
<!-- / Yoast SEO plugin. -->

Corporación para la infancia de Santiago
