{"id":132,"date":"2022-06-02T18:47:11","date_gmt":"2022-06-02T21:47:11","guid":{"rendered":"https:\/\/web3.cl\/dev-infancia\/?post_type=jardines&#038;p=132"},"modified":"2022-06-03T18:18:13","modified_gmt":"2022-06-03T21:18:13","slug":"luis-calvo-mackenna","status":"publish","type":"jardines","link":"https:\/\/web3.cl\/dev-infancia\/jardines\/luis-calvo-mackenna\/","title":{"rendered":"Luis Calvo Mackenna"},"featured_media":0,"template":"","categories":[],"zona":[3],"class_list":["post-132","jardines","type-jardines","status-publish","hentry","zona-norte"],"acf":{"tipo":"Jard\u00edn Infantil","director_name":"Paola Silva","position":"Directora","address":"Ricardo Cumming 733 \/ Santiago Centro","phone_number":226724828,"email":"cmackenna@infancia.cl","director_image":133,"address_coordinate":"<iframe src=\"https:\/\/www.google.com\/maps\/embed?pb=!1m14!1m8!1m3!1d53272.15144486393!2d-70.668623!3d-33.436031!3m2!1i1024!2i768!4f13.1!3m3!1m2!1s0x9662c5b2cfe5f91b%3A0x8927cce84ac67a74!2sAv.%20Ricardo%20Cumming%20733%2C%20Santiago%2C%208340239%2C%20Regi%C3%B3n%20Metropolitana%2C%20Chile!5e0!3m2!1ses!2sus!4v1654206457225!5m2!1ses!2sus\" width=\"600\" height=\"450\" style=\"border:0;\" allowfullscreen=\"\" loading=\"lazy\" referrerpolicy=\"no-referrer-when-downgrade\"><\/iframe>","video":249,"sobre_el_jardin":"Su nombre es un homenaje a la trayectoria de este gran m\u00e9dico y su s\u00f3lida acci\u00f3n en favor de los menores en la Casa Nacional del Ni\u00f1o y posteriormente, en el hospital infantil Calvo Mackenna. Este jard\u00edn inicio su operaci\u00f3n en salas cedidas por el colegio que lleva ese mismo nombre. Con el transcurso de los a\u00f1os y el continuo ingreso de m\u00e1s ni\u00f1os y ni\u00f1as a la ense\u00f1anza preescolar, aument\u00f3 sus salas y en 1994 se transform\u00f3 en la actual Escuela de P\u00e1rvulos Luis Calvo Mackenna. Situado en hist\u00f3rico barrio Brasil, este recinto atiende\r\na 136 ni\u00f1os y ni\u00f1as de 2 a 4 a\u00f1os, en situaci\u00f3n de pobreza o vulnerabilidad social y desarrolla un programa educativo que integra valores, como el respeto y la integraci\u00f3n social, adem\u00e1s de fomentar la interacci\u00f3n positiva los ni\u00f1os y ni\u00f1as con sus pares."},"yoast_head":"<!-- This site is optimized with the Yoast SEO plugin v26.9 - https:\/\/yoast.com\/product\/yoast-seo-wordpress\/ -->\n<title>Luis Calvo Mackenna - Infancia<\/title>\n<meta name=\"robots\" content=\"index, follow, max-snippet:-1, max-image-preview:large, max-video-preview:-1\" \/>\n<link rel=\"canonical\" href=\"https:\/\/web3.cl\/dev-infancia\/jardines\/luis-calvo-mackenna\/\" \/>\n<meta property=\"og:locale\" content=\"es_ES\" \/>\n<meta property=\"og:type\" content=\"article\" \/>\n<meta property=\"og:title\" content=\"Luis Calvo Mackenna - Infancia\" \/>\n<meta property=\"og:url\" content=\"https:\/\/web3.cl\/dev-infancia\/jardines\/luis-calvo-mackenna\/\" \/>\n<meta property=\"og:site_name\" content=\"Infancia\" \/>\n<meta property=\"article:modified_time\" content=\"2022-06-03T21:18:13+00:00\" \/>\n<meta name=\"twitter:card\" content=\"summary_large_image\" \/>\n<script type=\"application\/ld+json\" class=\"yoast-schema-graph\">{\"@context\":\"https:\/\/schema.org\",\"@graph\":[{\"@type\":\"WebPage\",\"@id\":\"https:\/\/web3.cl\/dev-infancia\/jardines\/luis-calvo-mackenna\/\",\"url\":\"https:\/\/web3.cl\/dev-infancia\/jardines\/luis-calvo-mackenna\/\",\"name\":\"Luis Calvo Mackenna - Infancia\",\"isPartOf\":{\"@id\":\"https:\/\/web3.cl\/dev-infancia\/#website\"},\"datePublished\":\"2022-06-02T21:47:11+00:00\",\"dateModified\":\"2022-06-03T21:18:13+00:00\",\"breadcrumb\":{\"@id\":\"https:\/\/web3.cl\/dev-infancia\/jardines\/luis-calvo-mackenna\/#breadcrumb\"},\"inLanguage\":\"es-CL\",\"potentialAction\":[{\"@type\":\"ReadAction\",\"target\":[\"https:\/\/web3.cl\/dev-infancia\/jardines\/luis-calvo-mackenna\/\"]}]},{\"@type\":\"BreadcrumbList\",\"@id\":\"https:\/\/web3.cl\/dev-infancia\/jardines\/luis-calvo-mackenna\/#breadcrumb\",\"itemListElement\":[{\"@type\":\"ListItem\",\"position\":1,\"name\":\"Portada\",\"item\":\"https:\/\/web3.cl\/dev-infancia\/\"},{\"@type\":\"ListItem\",\"position\":2,\"name\":\"Jardines\",\"item\":\"https:\/\/web3.cl\/dev-infancia\/jardines\/\"},{\"@type\":\"ListItem\",\"position\":3,\"name\":\"Luis Calvo Mackenna\"}]},{\"@type\":\"WebSite\",\"@id\":\"https:\/\/web3.cl\/dev-infancia\/#website\",\"url\":\"https:\/\/web3.cl\/dev-infancia\/\",\"name\":\"Infancia\",\"description\":\"Corporaci\u00f3n para la infancia de Santiago\",\"potentialAction\":[{\"@type\":\"SearchAction\",\"target\":{\"@type\":\"EntryPoint\",\"urlTemplate\":\"https:\/\/web3.cl\/dev-infancia\/?s={search_term_string}\"},\"query-input\":{\"@type\":\"PropertyValueSpecification\",\"valueRequired\":true,\"valueName\":\"search_term_string\"}}],\"inLanguage\":\"es-CL\"}]}<\/script>\n<!-- \/ Yoast SEO plugin. -->","yoast_head_json":{"title":"Luis Calvo Mackenna - Infancia","robots":{"index":"index","follow":"follow","max-snippet":"max-snippet:-1","max-image-preview":"max-image-preview:large","max-video-preview":"max-video-preview:-1"},"canonical":"https:\/\/web3.cl\/dev-infancia\/jardines\/luis-calvo-mackenna\/","og_locale":"es_ES","og_type":"article","og_title":"Luis Calvo Mackenna - Infancia","og_url":"https:\/\/web3.cl\/dev-infancia\/jardines\/luis-calvo-mackenna\/","og_site_name":"Infancia","article_modified_time":"2022-06-03T21:18:13+00:00","twitter_card":"summary_large_image","schema":{"@context":"https:\/\/schema.org","@graph":[{"@type":"WebPage","@id":"https:\/\/web3.cl\/dev-infancia\/jardines\/luis-calvo-mackenna\/","url":"https:\/\/web3.cl\/dev-infancia\/jardines\/luis-calvo-mackenna\/","name":"Luis Calvo Mackenna - Infancia","isPartOf":{"@id":"https:\/\/web3.cl\/dev-infancia\/#website"},"datePublished":"2022-06-02T21:47:11+00:00","dateModified":"2022-06-03T21:18:13+00:00","breadcrumb":{"@id":"https:\/\/web3.cl\/dev-infancia\/jardines\/luis-calvo-mackenna\/#breadcrumb"},"inLanguage":"es-CL","potentialAction":[{"@type":"ReadAction","target":["https:\/\/web3.cl\/dev-infancia\/jardines\/luis-calvo-mackenna\/"]}]},{"@type":"BreadcrumbList","@id":"https:\/\/web3.cl\/dev-infancia\/jardines\/luis-calvo-mackenna\/#breadcrumb","itemListElement":[{"@type":"ListItem","position":1,"name":"Portada","item":"https:\/\/web3.cl\/dev-infancia\/"},{"@type":"ListItem","position":2,"name":"Jardines","item":"https:\/\/web3.cl\/dev-infancia\/jardines\/"},{"@type":"ListItem","position":3,"name":"Luis Calvo Mackenna"}]},{"@type":"WebSite","@id":"https:\/\/web3.cl\/dev-infancia\/#website","url":"https:\/\/web3.cl\/dev-infancia\/","name":"Infancia","description":"Corporaci\u00f3n para la infancia de Santiago","potentialAction":[{"@type":"SearchAction","target":{"@type":"EntryPoint","urlTemplate":"https:\/\/web3.cl\/dev-infancia\/?s={search_term_string}"},"query-input":{"@type":"PropertyValueSpecification","valueRequired":true,"valueName":"search_term_string"}}],"inLanguage":"es-CL"}]}},"_links":{"self":[{"href":"https:\/\/web3.cl\/dev-infancia\/wp-json\/wp\/v2\/kindergartens\/132","targetHints":{"allow":["GET"]}}],"collection":[{"href":"https:\/\/web3.cl\/dev-infancia\/wp-json\/wp\/v2\/kindergartens"}],"about":[{"href":"https:\/\/web3.cl\/dev-infancia\/wp-json\/wp\/v2\/types\/jardines"}],"wp:attachment":[{"href":"https:\/\/web3.cl\/dev-infancia\/wp-json\/wp\/v2\/media?parent=132"}],"wp:term":[{"taxonomy":"category","embeddable":true,"href":"https:\/\/web3.cl\/dev-infancia\/wp-json\/wp\/v2\/categories?post=132"},{"taxonomy":"zona","embeddable":true,"href":"https:\/\/web3.cl\/dev-infancia\/wp-json\/wp\/v2\/zona?post=132"}],"curies":[{"name":"wp","href":"https:\/\/api.w.org\/{rel}","templated":true}]}}

Jardín Infantil

Su nombre es un homenaje a la trayectoria de este gran médico y su sólida acción en favor de los menores en la Casa Nacional del Niño y posteriormente, en el hospital infantil Calvo Mackenna. Este jardín inicio su operación en salas cedidas por el colegio que lleva ese mismo nombre. Con el transcurso de los años y el continuo ingreso de más niños y niñas a la enseñanza preescolar, aumentó sus salas y en 1994 se transformó en la actual Escuela de Párvulos Luis Calvo Mackenna. Situado en histórico barrio Brasil, este recinto atiende
a 136 niños y niñas de 2 a 4 años, en situación de pobreza o vulnerabilidad social y desarrolla un programa educativo que integra valores, como el respeto y la integración social, además de fomentar la interacción positiva los niños y niñas con sus pares.

<!-- This site is optimized with the Yoast SEO plugin v26.9 - https://yoast.com/product/yoast-seo-wordpress/ -->
<title>Luis Calvo Mackenna - Infancia</title>
<meta name="robots" content="index, follow, max-snippet:-1, max-image-preview:large, max-video-preview:-1" />
<link rel="canonical" href="https://web3.cl/dev-infancia/jardines/luis-calvo-mackenna/" />
<meta property="og:locale" content="es_ES" />
<meta property="og:type" content="article" />
<meta property="og:title" content="Luis Calvo Mackenna - Infancia" />
<meta property="og:url" content="https://web3.cl/dev-infancia/jardines/luis-calvo-mackenna/" />
<meta property="og:site_name" content="Infancia" />
<meta property="article:modified_time" content="2022-06-03T21:18:13+00:00" />
<meta name="twitter:card" content="summary_large_image" />
<script type="application/ld+json" class="yoast-schema-graph">{"@context":"https://schema.org","@graph":[{"@type":"WebPage","@id":"https://web3.cl/dev-infancia/jardines/luis-calvo-mackenna/","url":"https://web3.cl/dev-infancia/jardines/luis-calvo-mackenna/","name":"Luis Calvo Mackenna - Infancia","isPartOf":{"@id":"https://web3.cl/dev-infancia/#website"},"datePublished":"2022-06-02T21:47:11+00:00","dateModified":"2022-06-03T21:18:13+00:00","breadcrumb":{"@id":"https://web3.cl/dev-infancia/jardines/luis-calvo-mackenna/#breadcrumb"},"inLanguage":"es-CL","potentialAction":[{"@type":"ReadAction","target":["https://web3.cl/dev-infancia/jardines/luis-calvo-mackenna/"]}]},{"@type":"BreadcrumbList","@id":"https://web3.cl/dev-infancia/jardines/luis-calvo-mackenna/#breadcrumb","itemListElement":[{"@type":"ListItem","position":1,"name":"Portada","item":"https://web3.cl/dev-infancia/"},{"@type":"ListItem","position":2,"name":"Jardines","item":"https://web3.cl/dev-infancia/jardines/"},{"@type":"ListItem","position":3,"name":"Luis Calvo Mackenna"}]},{"@type":"WebSite","@id":"https://web3.cl/dev-infancia/#website","url":"https://web3.cl/dev-infancia/","name":"Infancia","description":"Corporación para la infancia de Santiago","potentialAction":[{"@type":"SearchAction","target":{"@type":"EntryPoint","urlTemplate":"https://web3.cl/dev-infancia/?s={search_term_string}"},"query-input":{"@type":"PropertyValueSpecification","valueRequired":true,"valueName":"search_term_string"}}],"inLanguage":"es-CL"}]}</script>
<!-- / Yoast SEO plugin. -->

Corporación para la infancia de Santiago
