{"id":131,"date":"2022-06-02T18:44:42","date_gmt":"2022-06-02T21:44:42","guid":{"rendered":"https:\/\/web3.cl\/dev-infancia\/?post_type=jardines&#038;p=131"},"modified":"2022-06-23T12:24:19","modified_gmt":"2022-06-23T15:24:19","slug":"jardin-alternativo-carol-urzua","status":"publish","type":"jardines","link":"https:\/\/web3.cl\/dev-infancia\/jardines\/jardin-alternativo-carol-urzua\/","title":{"rendered":"Panam\u00e1"},"featured_media":0,"template":"","categories":[],"zona":[3],"class_list":["post-131","jardines","type-jardines","status-publish","hentry","zona-norte"],"acf":{"tipo":"Jardines alternativos","director_name":"","position":"","address":"Hu\u00e9rfanos 3151 \/ Santiago Centro","phone_number":226767100,"email":"contacto@infancia.cl","director_image":1070,"address_coordinate":"<iframe src=\"https:\/\/www.google.com\/maps\/embed?pb=!1m14!1m8!1m3!1d13317.071482462085!2d-70.677955!3d-33.442327!3m2!1i1024!2i768!4f13.1!3m3!1m2!1s0x9662c4510050ec83%3A0x3c84382846d4b366!2sHuerfanos%203151%2C%20Santiago%2C%20Regi%C3%B3n%20Metropolitana!5e0!3m2!1ses!2scl!4v1654206291015!5m2!1ses!2scl\" width=\"600\" height=\"450\" style=\"border:0;\" allowfullscreen=\"\" loading=\"lazy\" referrerpolicy=\"no-referrer-when-downgrade\"><\/iframe>","video":"","sobre_el_jardin":"Ubicado en Hu\u00e9rfanos, dentro de la Escuela Rep\u00fablica de Panam\u00e1, este centro educativo abre sus puertas ante la necesidad de cubrir la alta demanda presente en el sector norte de nuestra comuna, donde se concentra un alto porcentaje de familias migrantes que llegan a nuestro pa\u00eds en la b\u00fasqueda de nuevas oportunidades. Actualmente recibe a 25 ni\u00f1os y ni\u00f1as que d\u00eda a d\u00eda cuentan con un espacio en el cual se potencian aprendizajes significativos."},"yoast_head":"<!-- This site is optimized with the Yoast SEO plugin v26.9 - https:\/\/yoast.com\/product\/yoast-seo-wordpress\/ -->\n<title>Panam\u00e1 - Infancia<\/title>\n<meta name=\"robots\" content=\"index, follow, max-snippet:-1, max-image-preview:large, max-video-preview:-1\" \/>\n<link rel=\"canonical\" href=\"https:\/\/web3.cl\/dev-infancia\/jardines\/jardin-alternativo-carol-urzua\/\" \/>\n<meta property=\"og:locale\" content=\"es_ES\" \/>\n<meta property=\"og:type\" content=\"article\" \/>\n<meta property=\"og:title\" content=\"Panam\u00e1 - Infancia\" \/>\n<meta property=\"og:url\" content=\"https:\/\/web3.cl\/dev-infancia\/jardines\/jardin-alternativo-carol-urzua\/\" \/>\n<meta property=\"og:site_name\" content=\"Infancia\" \/>\n<meta property=\"article:modified_time\" content=\"2022-06-23T15:24:19+00:00\" \/>\n<meta name=\"twitter:card\" content=\"summary_large_image\" \/>\n<script type=\"application\/ld+json\" class=\"yoast-schema-graph\">{\"@context\":\"https:\/\/schema.org\",\"@graph\":[{\"@type\":\"WebPage\",\"@id\":\"https:\/\/web3.cl\/dev-infancia\/jardines\/jardin-alternativo-carol-urzua\/\",\"url\":\"https:\/\/web3.cl\/dev-infancia\/jardines\/jardin-alternativo-carol-urzua\/\",\"name\":\"Panam\u00e1 - Infancia\",\"isPartOf\":{\"@id\":\"https:\/\/web3.cl\/dev-infancia\/#website\"},\"datePublished\":\"2022-06-02T21:44:42+00:00\",\"dateModified\":\"2022-06-23T15:24:19+00:00\",\"breadcrumb\":{\"@id\":\"https:\/\/web3.cl\/dev-infancia\/jardines\/jardin-alternativo-carol-urzua\/#breadcrumb\"},\"inLanguage\":\"es-CL\",\"potentialAction\":[{\"@type\":\"ReadAction\",\"target\":[\"https:\/\/web3.cl\/dev-infancia\/jardines\/jardin-alternativo-carol-urzua\/\"]}]},{\"@type\":\"BreadcrumbList\",\"@id\":\"https:\/\/web3.cl\/dev-infancia\/jardines\/jardin-alternativo-carol-urzua\/#breadcrumb\",\"itemListElement\":[{\"@type\":\"ListItem\",\"position\":1,\"name\":\"Portada\",\"item\":\"https:\/\/web3.cl\/dev-infancia\/\"},{\"@type\":\"ListItem\",\"position\":2,\"name\":\"Jardines\",\"item\":\"https:\/\/web3.cl\/dev-infancia\/jardines\/\"},{\"@type\":\"ListItem\",\"position\":3,\"name\":\"Panam\u00e1\"}]},{\"@type\":\"WebSite\",\"@id\":\"https:\/\/web3.cl\/dev-infancia\/#website\",\"url\":\"https:\/\/web3.cl\/dev-infancia\/\",\"name\":\"Infancia\",\"description\":\"Corporaci\u00f3n para la infancia de Santiago\",\"potentialAction\":[{\"@type\":\"SearchAction\",\"target\":{\"@type\":\"EntryPoint\",\"urlTemplate\":\"https:\/\/web3.cl\/dev-infancia\/?s={search_term_string}\"},\"query-input\":{\"@type\":\"PropertyValueSpecification\",\"valueRequired\":true,\"valueName\":\"search_term_string\"}}],\"inLanguage\":\"es-CL\"}]}<\/script>\n<!-- \/ Yoast SEO plugin. -->","yoast_head_json":{"title":"Panam\u00e1 - Infancia","robots":{"index":"index","follow":"follow","max-snippet":"max-snippet:-1","max-image-preview":"max-image-preview:large","max-video-preview":"max-video-preview:-1"},"canonical":"https:\/\/web3.cl\/dev-infancia\/jardines\/jardin-alternativo-carol-urzua\/","og_locale":"es_ES","og_type":"article","og_title":"Panam\u00e1 - Infancia","og_url":"https:\/\/web3.cl\/dev-infancia\/jardines\/jardin-alternativo-carol-urzua\/","og_site_name":"Infancia","article_modified_time":"2022-06-23T15:24:19+00:00","twitter_card":"summary_large_image","schema":{"@context":"https:\/\/schema.org","@graph":[{"@type":"WebPage","@id":"https:\/\/web3.cl\/dev-infancia\/jardines\/jardin-alternativo-carol-urzua\/","url":"https:\/\/web3.cl\/dev-infancia\/jardines\/jardin-alternativo-carol-urzua\/","name":"Panam\u00e1 - Infancia","isPartOf":{"@id":"https:\/\/web3.cl\/dev-infancia\/#website"},"datePublished":"2022-06-02T21:44:42+00:00","dateModified":"2022-06-23T15:24:19+00:00","breadcrumb":{"@id":"https:\/\/web3.cl\/dev-infancia\/jardines\/jardin-alternativo-carol-urzua\/#breadcrumb"},"inLanguage":"es-CL","potentialAction":[{"@type":"ReadAction","target":["https:\/\/web3.cl\/dev-infancia\/jardines\/jardin-alternativo-carol-urzua\/"]}]},{"@type":"BreadcrumbList","@id":"https:\/\/web3.cl\/dev-infancia\/jardines\/jardin-alternativo-carol-urzua\/#breadcrumb","itemListElement":[{"@type":"ListItem","position":1,"name":"Portada","item":"https:\/\/web3.cl\/dev-infancia\/"},{"@type":"ListItem","position":2,"name":"Jardines","item":"https:\/\/web3.cl\/dev-infancia\/jardines\/"},{"@type":"ListItem","position":3,"name":"Panam\u00e1"}]},{"@type":"WebSite","@id":"https:\/\/web3.cl\/dev-infancia\/#website","url":"https:\/\/web3.cl\/dev-infancia\/","name":"Infancia","description":"Corporaci\u00f3n para la infancia de Santiago","potentialAction":[{"@type":"SearchAction","target":{"@type":"EntryPoint","urlTemplate":"https:\/\/web3.cl\/dev-infancia\/?s={search_term_string}"},"query-input":{"@type":"PropertyValueSpecification","valueRequired":true,"valueName":"search_term_string"}}],"inLanguage":"es-CL"}]}},"_links":{"self":[{"href":"https:\/\/web3.cl\/dev-infancia\/wp-json\/wp\/v2\/kindergartens\/131","targetHints":{"allow":["GET"]}}],"collection":[{"href":"https:\/\/web3.cl\/dev-infancia\/wp-json\/wp\/v2\/kindergartens"}],"about":[{"href":"https:\/\/web3.cl\/dev-infancia\/wp-json\/wp\/v2\/types\/jardines"}],"wp:attachment":[{"href":"https:\/\/web3.cl\/dev-infancia\/wp-json\/wp\/v2\/media?parent=131"}],"wp:term":[{"taxonomy":"category","embeddable":true,"href":"https:\/\/web3.cl\/dev-infancia\/wp-json\/wp\/v2\/categories?post=131"},{"taxonomy":"zona","embeddable":true,"href":"https:\/\/web3.cl\/dev-infancia\/wp-json\/wp\/v2\/zona?post=131"}],"curies":[{"name":"wp","href":"https:\/\/api.w.org\/{rel}","templated":true}]}}

Panamá

Huérfanos 3151 / Santiago Centro

Ubicado en Huérfanos, dentro de la Escuela República de Panamá, este centro educativo abre sus puertas ante la necesidad de cubrir la alta demanda presente en el sector norte de nuestra comuna, donde se concentra un alto porcentaje de familias migrantes que llegan a nuestro país en la búsqueda de nuevas oportunidades. Actualmente recibe a 25 niños y niñas que día a día cuentan con un espacio en el cual se potencian aprendizajes significativos.

<!-- This site is optimized with the Yoast SEO plugin v26.9 - https://yoast.com/product/yoast-seo-wordpress/ -->
<title>Panamá - Infancia</title>
<meta name="robots" content="index, follow, max-snippet:-1, max-image-preview:large, max-video-preview:-1" />
<link rel="canonical" href="https://web3.cl/dev-infancia/jardines/jardin-alternativo-carol-urzua/" />
<meta property="og:locale" content="es_ES" />
<meta property="og:type" content="article" />
<meta property="og:title" content="Panamá - Infancia" />
<meta property="og:url" content="https://web3.cl/dev-infancia/jardines/jardin-alternativo-carol-urzua/" />
<meta property="og:site_name" content="Infancia" />
<meta property="article:modified_time" content="2022-06-23T15:24:19+00:00" />
<meta name="twitter:card" content="summary_large_image" />
<script type="application/ld+json" class="yoast-schema-graph">{"@context":"https://schema.org","@graph":[{"@type":"WebPage","@id":"https://web3.cl/dev-infancia/jardines/jardin-alternativo-carol-urzua/","url":"https://web3.cl/dev-infancia/jardines/jardin-alternativo-carol-urzua/","name":"Panamá - Infancia","isPartOf":{"@id":"https://web3.cl/dev-infancia/#website"},"datePublished":"2022-06-02T21:44:42+00:00","dateModified":"2022-06-23T15:24:19+00:00","breadcrumb":{"@id":"https://web3.cl/dev-infancia/jardines/jardin-alternativo-carol-urzua/#breadcrumb"},"inLanguage":"es-CL","potentialAction":[{"@type":"ReadAction","target":["https://web3.cl/dev-infancia/jardines/jardin-alternativo-carol-urzua/"]}]},{"@type":"BreadcrumbList","@id":"https://web3.cl/dev-infancia/jardines/jardin-alternativo-carol-urzua/#breadcrumb","itemListElement":[{"@type":"ListItem","position":1,"name":"Portada","item":"https://web3.cl/dev-infancia/"},{"@type":"ListItem","position":2,"name":"Jardines","item":"https://web3.cl/dev-infancia/jardines/"},{"@type":"ListItem","position":3,"name":"Panamá"}]},{"@type":"WebSite","@id":"https://web3.cl/dev-infancia/#website","url":"https://web3.cl/dev-infancia/","name":"Infancia","description":"Corporación para la infancia de Santiago","potentialAction":[{"@type":"SearchAction","target":{"@type":"EntryPoint","urlTemplate":"https://web3.cl/dev-infancia/?s={search_term_string}"},"query-input":{"@type":"PropertyValueSpecification","valueRequired":true,"valueName":"search_term_string"}}],"inLanguage":"es-CL"}]}</script>
<!-- / Yoast SEO plugin. -->

Panamá - Infancia

Corporación para la infancia de Santiago
