{"id":129,"date":"2022-06-02T18:42:23","date_gmt":"2022-06-02T21:42:23","guid":{"rendered":"https:\/\/web3.cl\/dev-infancia\/?post_type=jardines&#038;p=129"},"modified":"2022-06-23T12:34:15","modified_gmt":"2022-06-23T15:34:15","slug":"jardin-alternativo-mapocho","status":"publish","type":"jardines","link":"https:\/\/web3.cl\/dev-infancia\/jardines\/jardin-alternativo-mapocho\/","title":{"rendered":"Mapocho"},"featured_media":0,"template":"","categories":[],"zona":[3],"class_list":["post-129","jardines","type-jardines","status-publish","hentry","zona-norte"],"acf":{"tipo":"Jardines alternativos","director_name":"","position":"","address":"Esperanza 1115 \/ Santiago Centro","phone_number":226767100,"email":"contacto@infancia.cl","director_image":1070,"address_coordinate":"<iframe src=\"https:\/\/www.google.com\/maps\/embed?pb=!1m14!1m8!1m3!1d13318.593885879178!2d-70.676317!3d-33.432408!3m2!1i1024!2i768!4f13.1!3m3!1m2!1s0x9662c449698b20b5%3A0x6658cf2a639b4bc8!2sEsperanza%201115%2C%20Santiago%2C%20Regi%C3%B3n%20Metropolitana!5e0!3m2!1ses!2scl!4v1654206149647!5m2!1ses!2scl\" width=\"600\" height=\"450\" style=\"border:0;\" allowfullscreen=\"\" loading=\"lazy\" referrerpolicy=\"no-referrer-when-downgrade\"><\/iframe>","video":"","sobre_el_jardin":"Ubicado en Calle Esperanza Con Mapocho, este centro educativo reabre sus puertas ante la necesidad de cubrir la alta demanda presente en el sector norte de nuestra comuna, donde se concentra un alto porcentaje de familias migrantes que llegan a nuestro pa\u00eds en la b\u00fasqueda de nuevas oportunidades. Actualmente recibe a 25 ni\u00f1os y ni\u00f1as que d\u00eda a d\u00eda cuentan con un espacio en el cual se potencian aprendizajes significativos."},"yoast_head":"<!-- This site is optimized with the Yoast SEO plugin v26.9 - https:\/\/yoast.com\/product\/yoast-seo-wordpress\/ -->\n<title>Mapocho - Infancia<\/title>\n<meta name=\"robots\" content=\"index, follow, max-snippet:-1, max-image-preview:large, max-video-preview:-1\" \/>\n<link rel=\"canonical\" href=\"https:\/\/web3.cl\/dev-infancia\/jardines\/jardin-alternativo-mapocho\/\" \/>\n<meta property=\"og:locale\" content=\"es_ES\" \/>\n<meta property=\"og:type\" content=\"article\" \/>\n<meta property=\"og:title\" content=\"Mapocho - Infancia\" \/>\n<meta property=\"og:url\" content=\"https:\/\/web3.cl\/dev-infancia\/jardines\/jardin-alternativo-mapocho\/\" \/>\n<meta property=\"og:site_name\" content=\"Infancia\" \/>\n<meta property=\"article:modified_time\" content=\"2022-06-23T15:34:15+00:00\" \/>\n<meta name=\"twitter:card\" content=\"summary_large_image\" \/>\n<script type=\"application\/ld+json\" class=\"yoast-schema-graph\">{\"@context\":\"https:\/\/schema.org\",\"@graph\":[{\"@type\":\"WebPage\",\"@id\":\"https:\/\/web3.cl\/dev-infancia\/jardines\/jardin-alternativo-mapocho\/\",\"url\":\"https:\/\/web3.cl\/dev-infancia\/jardines\/jardin-alternativo-mapocho\/\",\"name\":\"Mapocho - Infancia\",\"isPartOf\":{\"@id\":\"https:\/\/web3.cl\/dev-infancia\/#website\"},\"datePublished\":\"2022-06-02T21:42:23+00:00\",\"dateModified\":\"2022-06-23T15:34:15+00:00\",\"breadcrumb\":{\"@id\":\"https:\/\/web3.cl\/dev-infancia\/jardines\/jardin-alternativo-mapocho\/#breadcrumb\"},\"inLanguage\":\"es-CL\",\"potentialAction\":[{\"@type\":\"ReadAction\",\"target\":[\"https:\/\/web3.cl\/dev-infancia\/jardines\/jardin-alternativo-mapocho\/\"]}]},{\"@type\":\"BreadcrumbList\",\"@id\":\"https:\/\/web3.cl\/dev-infancia\/jardines\/jardin-alternativo-mapocho\/#breadcrumb\",\"itemListElement\":[{\"@type\":\"ListItem\",\"position\":1,\"name\":\"Portada\",\"item\":\"https:\/\/web3.cl\/dev-infancia\/\"},{\"@type\":\"ListItem\",\"position\":2,\"name\":\"Jardines\",\"item\":\"https:\/\/web3.cl\/dev-infancia\/jardines\/\"},{\"@type\":\"ListItem\",\"position\":3,\"name\":\"Mapocho\"}]},{\"@type\":\"WebSite\",\"@id\":\"https:\/\/web3.cl\/dev-infancia\/#website\",\"url\":\"https:\/\/web3.cl\/dev-infancia\/\",\"name\":\"Infancia\",\"description\":\"Corporaci\u00f3n para la infancia de Santiago\",\"potentialAction\":[{\"@type\":\"SearchAction\",\"target\":{\"@type\":\"EntryPoint\",\"urlTemplate\":\"https:\/\/web3.cl\/dev-infancia\/?s={search_term_string}\"},\"query-input\":{\"@type\":\"PropertyValueSpecification\",\"valueRequired\":true,\"valueName\":\"search_term_string\"}}],\"inLanguage\":\"es-CL\"}]}<\/script>\n<!-- \/ Yoast SEO plugin. -->","yoast_head_json":{"title":"Mapocho - Infancia","robots":{"index":"index","follow":"follow","max-snippet":"max-snippet:-1","max-image-preview":"max-image-preview:large","max-video-preview":"max-video-preview:-1"},"canonical":"https:\/\/web3.cl\/dev-infancia\/jardines\/jardin-alternativo-mapocho\/","og_locale":"es_ES","og_type":"article","og_title":"Mapocho - Infancia","og_url":"https:\/\/web3.cl\/dev-infancia\/jardines\/jardin-alternativo-mapocho\/","og_site_name":"Infancia","article_modified_time":"2022-06-23T15:34:15+00:00","twitter_card":"summary_large_image","schema":{"@context":"https:\/\/schema.org","@graph":[{"@type":"WebPage","@id":"https:\/\/web3.cl\/dev-infancia\/jardines\/jardin-alternativo-mapocho\/","url":"https:\/\/web3.cl\/dev-infancia\/jardines\/jardin-alternativo-mapocho\/","name":"Mapocho - Infancia","isPartOf":{"@id":"https:\/\/web3.cl\/dev-infancia\/#website"},"datePublished":"2022-06-02T21:42:23+00:00","dateModified":"2022-06-23T15:34:15+00:00","breadcrumb":{"@id":"https:\/\/web3.cl\/dev-infancia\/jardines\/jardin-alternativo-mapocho\/#breadcrumb"},"inLanguage":"es-CL","potentialAction":[{"@type":"ReadAction","target":["https:\/\/web3.cl\/dev-infancia\/jardines\/jardin-alternativo-mapocho\/"]}]},{"@type":"BreadcrumbList","@id":"https:\/\/web3.cl\/dev-infancia\/jardines\/jardin-alternativo-mapocho\/#breadcrumb","itemListElement":[{"@type":"ListItem","position":1,"name":"Portada","item":"https:\/\/web3.cl\/dev-infancia\/"},{"@type":"ListItem","position":2,"name":"Jardines","item":"https:\/\/web3.cl\/dev-infancia\/jardines\/"},{"@type":"ListItem","position":3,"name":"Mapocho"}]},{"@type":"WebSite","@id":"https:\/\/web3.cl\/dev-infancia\/#website","url":"https:\/\/web3.cl\/dev-infancia\/","name":"Infancia","description":"Corporaci\u00f3n para la infancia de Santiago","potentialAction":[{"@type":"SearchAction","target":{"@type":"EntryPoint","urlTemplate":"https:\/\/web3.cl\/dev-infancia\/?s={search_term_string}"},"query-input":{"@type":"PropertyValueSpecification","valueRequired":true,"valueName":"search_term_string"}}],"inLanguage":"es-CL"}]}},"_links":{"self":[{"href":"https:\/\/web3.cl\/dev-infancia\/wp-json\/wp\/v2\/kindergartens\/129","targetHints":{"allow":["GET"]}}],"collection":[{"href":"https:\/\/web3.cl\/dev-infancia\/wp-json\/wp\/v2\/kindergartens"}],"about":[{"href":"https:\/\/web3.cl\/dev-infancia\/wp-json\/wp\/v2\/types\/jardines"}],"wp:attachment":[{"href":"https:\/\/web3.cl\/dev-infancia\/wp-json\/wp\/v2\/media?parent=129"}],"wp:term":[{"taxonomy":"category","embeddable":true,"href":"https:\/\/web3.cl\/dev-infancia\/wp-json\/wp\/v2\/categories?post=129"},{"taxonomy":"zona","embeddable":true,"href":"https:\/\/web3.cl\/dev-infancia\/wp-json\/wp\/v2\/zona?post=129"}],"curies":[{"name":"wp","href":"https:\/\/api.w.org\/{rel}","templated":true}]}}

Ubicado en Calle Esperanza Con Mapocho, este centro educativo reabre sus puertas ante la necesidad de cubrir la alta demanda presente en el sector norte de nuestra comuna, donde se concentra un alto porcentaje de familias migrantes que llegan a nuestro país en la búsqueda de nuevas oportunidades. Actualmente recibe a 25 niños y niñas que día a día cuentan con un espacio en el cual se potencian aprendizajes significativos.

<!-- This site is optimized with the Yoast SEO plugin v26.9 - https://yoast.com/product/yoast-seo-wordpress/ -->
<title>Mapocho - Infancia</title>
<meta name="robots" content="index, follow, max-snippet:-1, max-image-preview:large, max-video-preview:-1" />
<link rel="canonical" href="https://web3.cl/dev-infancia/jardines/jardin-alternativo-mapocho/" />
<meta property="og:locale" content="es_ES" />
<meta property="og:type" content="article" />
<meta property="og:title" content="Mapocho - Infancia" />
<meta property="og:url" content="https://web3.cl/dev-infancia/jardines/jardin-alternativo-mapocho/" />
<meta property="og:site_name" content="Infancia" />
<meta property="article:modified_time" content="2022-06-23T15:34:15+00:00" />
<meta name="twitter:card" content="summary_large_image" />
<script type="application/ld+json" class="yoast-schema-graph">{"@context":"https://schema.org","@graph":[{"@type":"WebPage","@id":"https://web3.cl/dev-infancia/jardines/jardin-alternativo-mapocho/","url":"https://web3.cl/dev-infancia/jardines/jardin-alternativo-mapocho/","name":"Mapocho - Infancia","isPartOf":{"@id":"https://web3.cl/dev-infancia/#website"},"datePublished":"2022-06-02T21:42:23+00:00","dateModified":"2022-06-23T15:34:15+00:00","breadcrumb":{"@id":"https://web3.cl/dev-infancia/jardines/jardin-alternativo-mapocho/#breadcrumb"},"inLanguage":"es-CL","potentialAction":[{"@type":"ReadAction","target":["https://web3.cl/dev-infancia/jardines/jardin-alternativo-mapocho/"]}]},{"@type":"BreadcrumbList","@id":"https://web3.cl/dev-infancia/jardines/jardin-alternativo-mapocho/#breadcrumb","itemListElement":[{"@type":"ListItem","position":1,"name":"Portada","item":"https://web3.cl/dev-infancia/"},{"@type":"ListItem","position":2,"name":"Jardines","item":"https://web3.cl/dev-infancia/jardines/"},{"@type":"ListItem","position":3,"name":"Mapocho"}]},{"@type":"WebSite","@id":"https://web3.cl/dev-infancia/#website","url":"https://web3.cl/dev-infancia/","name":"Infancia","description":"Corporación para la infancia de Santiago","potentialAction":[{"@type":"SearchAction","target":{"@type":"EntryPoint","urlTemplate":"https://web3.cl/dev-infancia/?s={search_term_string}"},"query-input":{"@type":"PropertyValueSpecification","valueRequired":true,"valueName":"search_term_string"}}],"inLanguage":"es-CL"}]}</script>
<!-- / Yoast SEO plugin. -->

Corporación para la infancia de Santiago
