{"id":127,"date":"2022-06-02T18:40:08","date_gmt":"2022-06-02T21:40:08","guid":{"rendered":"https:\/\/web3.cl\/dev-infancia\/?post_type=jardines&#038;p=127"},"modified":"2022-06-07T12:27:41","modified_gmt":"2022-06-07T15:27:41","slug":"ignacio-carrera-pinto","status":"publish","type":"jardines","link":"https:\/\/web3.cl\/dev-infancia\/jardines\/ignacio-carrera-pinto\/","title":{"rendered":"Ignacio Carrera Pinto"},"featured_media":0,"template":"","categories":[],"zona":[3],"class_list":["post-127","jardines","type-jardines","status-publish","hentry","zona-norte"],"acf":{"tipo":"Sala Cuna y Jard\u00edn Infantil","director_name":"Paola Fuentes","position":"Directora","address":"Portales 3357 \/ Santiago Centro","phone_number":226821993,"email":"carrerapinto@infancia.cl","director_image":128,"address_coordinate":"<iframe src=\"https:\/\/www.google.com\/maps\/embed?pb=!1m14!1m8!1m3!1d53267.38699492063!2d-70.680678!3d-33.443791!3m2!1i1024!2i768!4f13.1!3m3!1m2!1s0x9662c45099196dd1%3A0x384bf2b959660671!2sPortales%203357%2C%20Santiago%2C%20Regi%C3%B3n%20Metropolitana%2C%20Chile!5e0!3m2!1ses!2sus!4v1654206034382!5m2!1ses!2sus\" width=\"600\" height=\"450\" style=\"border:0;\" allowfullscreen=\"\" loading=\"lazy\" referrerpolicy=\"no-referrer-when-downgrade\"><\/iframe>","video":249,"sobre_el_jardin":"Emplazado en la ex Casa de Moneda, lugar donde se acu\u00f1aba e imprim\u00eda el dinero de Chile y residencia de Presidentes durante la remodelaci\u00f3n del Palacio de la Moneda, este jard\u00edn abri\u00f3 sus puertas el 14 de septiembre de 1997. Situado al costado del Parque Quinta Normal, comenz\u00f3 entregando alimentaci\u00f3n completa a ni\u00f1os y ni\u00f1as del sector, servicio asumido por un grupo de voluntariado. En 1990 profesionaliza su atenci\u00f3n y comienza a impartir educaci\u00f3n preescolar. En Abril del a\u00f1o 2008 incorpora el nivel de la sala cuna con capacidad para atender a 18 lactantes."},"yoast_head":"<!-- This site is optimized with the Yoast SEO plugin v26.9 - https:\/\/yoast.com\/product\/yoast-seo-wordpress\/ -->\n<title>Ignacio Carrera Pinto - Infancia<\/title>\n<meta name=\"robots\" content=\"index, follow, max-snippet:-1, max-image-preview:large, max-video-preview:-1\" \/>\n<link rel=\"canonical\" href=\"https:\/\/web3.cl\/dev-infancia\/jardines\/ignacio-carrera-pinto\/\" \/>\n<meta property=\"og:locale\" content=\"es_ES\" \/>\n<meta property=\"og:type\" content=\"article\" \/>\n<meta property=\"og:title\" content=\"Ignacio Carrera Pinto - Infancia\" \/>\n<meta property=\"og:url\" content=\"https:\/\/web3.cl\/dev-infancia\/jardines\/ignacio-carrera-pinto\/\" \/>\n<meta property=\"og:site_name\" content=\"Infancia\" \/>\n<meta property=\"article:modified_time\" content=\"2022-06-07T15:27:41+00:00\" \/>\n<meta name=\"twitter:card\" content=\"summary_large_image\" \/>\n<script type=\"application\/ld+json\" class=\"yoast-schema-graph\">{\"@context\":\"https:\/\/schema.org\",\"@graph\":[{\"@type\":\"WebPage\",\"@id\":\"https:\/\/web3.cl\/dev-infancia\/jardines\/ignacio-carrera-pinto\/\",\"url\":\"https:\/\/web3.cl\/dev-infancia\/jardines\/ignacio-carrera-pinto\/\",\"name\":\"Ignacio Carrera Pinto - Infancia\",\"isPartOf\":{\"@id\":\"https:\/\/web3.cl\/dev-infancia\/#website\"},\"datePublished\":\"2022-06-02T21:40:08+00:00\",\"dateModified\":\"2022-06-07T15:27:41+00:00\",\"breadcrumb\":{\"@id\":\"https:\/\/web3.cl\/dev-infancia\/jardines\/ignacio-carrera-pinto\/#breadcrumb\"},\"inLanguage\":\"es-CL\",\"potentialAction\":[{\"@type\":\"ReadAction\",\"target\":[\"https:\/\/web3.cl\/dev-infancia\/jardines\/ignacio-carrera-pinto\/\"]}]},{\"@type\":\"BreadcrumbList\",\"@id\":\"https:\/\/web3.cl\/dev-infancia\/jardines\/ignacio-carrera-pinto\/#breadcrumb\",\"itemListElement\":[{\"@type\":\"ListItem\",\"position\":1,\"name\":\"Portada\",\"item\":\"https:\/\/web3.cl\/dev-infancia\/\"},{\"@type\":\"ListItem\",\"position\":2,\"name\":\"Jardines\",\"item\":\"https:\/\/web3.cl\/dev-infancia\/jardines\/\"},{\"@type\":\"ListItem\",\"position\":3,\"name\":\"Ignacio Carrera Pinto\"}]},{\"@type\":\"WebSite\",\"@id\":\"https:\/\/web3.cl\/dev-infancia\/#website\",\"url\":\"https:\/\/web3.cl\/dev-infancia\/\",\"name\":\"Infancia\",\"description\":\"Corporaci\u00f3n para la infancia de Santiago\",\"potentialAction\":[{\"@type\":\"SearchAction\",\"target\":{\"@type\":\"EntryPoint\",\"urlTemplate\":\"https:\/\/web3.cl\/dev-infancia\/?s={search_term_string}\"},\"query-input\":{\"@type\":\"PropertyValueSpecification\",\"valueRequired\":true,\"valueName\":\"search_term_string\"}}],\"inLanguage\":\"es-CL\"}]}<\/script>\n<!-- \/ Yoast SEO plugin. -->","yoast_head_json":{"title":"Ignacio Carrera Pinto - Infancia","robots":{"index":"index","follow":"follow","max-snippet":"max-snippet:-1","max-image-preview":"max-image-preview:large","max-video-preview":"max-video-preview:-1"},"canonical":"https:\/\/web3.cl\/dev-infancia\/jardines\/ignacio-carrera-pinto\/","og_locale":"es_ES","og_type":"article","og_title":"Ignacio Carrera Pinto - Infancia","og_url":"https:\/\/web3.cl\/dev-infancia\/jardines\/ignacio-carrera-pinto\/","og_site_name":"Infancia","article_modified_time":"2022-06-07T15:27:41+00:00","twitter_card":"summary_large_image","schema":{"@context":"https:\/\/schema.org","@graph":[{"@type":"WebPage","@id":"https:\/\/web3.cl\/dev-infancia\/jardines\/ignacio-carrera-pinto\/","url":"https:\/\/web3.cl\/dev-infancia\/jardines\/ignacio-carrera-pinto\/","name":"Ignacio Carrera Pinto - Infancia","isPartOf":{"@id":"https:\/\/web3.cl\/dev-infancia\/#website"},"datePublished":"2022-06-02T21:40:08+00:00","dateModified":"2022-06-07T15:27:41+00:00","breadcrumb":{"@id":"https:\/\/web3.cl\/dev-infancia\/jardines\/ignacio-carrera-pinto\/#breadcrumb"},"inLanguage":"es-CL","potentialAction":[{"@type":"ReadAction","target":["https:\/\/web3.cl\/dev-infancia\/jardines\/ignacio-carrera-pinto\/"]}]},{"@type":"BreadcrumbList","@id":"https:\/\/web3.cl\/dev-infancia\/jardines\/ignacio-carrera-pinto\/#breadcrumb","itemListElement":[{"@type":"ListItem","position":1,"name":"Portada","item":"https:\/\/web3.cl\/dev-infancia\/"},{"@type":"ListItem","position":2,"name":"Jardines","item":"https:\/\/web3.cl\/dev-infancia\/jardines\/"},{"@type":"ListItem","position":3,"name":"Ignacio Carrera Pinto"}]},{"@type":"WebSite","@id":"https:\/\/web3.cl\/dev-infancia\/#website","url":"https:\/\/web3.cl\/dev-infancia\/","name":"Infancia","description":"Corporaci\u00f3n para la infancia de Santiago","potentialAction":[{"@type":"SearchAction","target":{"@type":"EntryPoint","urlTemplate":"https:\/\/web3.cl\/dev-infancia\/?s={search_term_string}"},"query-input":{"@type":"PropertyValueSpecification","valueRequired":true,"valueName":"search_term_string"}}],"inLanguage":"es-CL"}]}},"_links":{"self":[{"href":"https:\/\/web3.cl\/dev-infancia\/wp-json\/wp\/v2\/kindergartens\/127","targetHints":{"allow":["GET"]}}],"collection":[{"href":"https:\/\/web3.cl\/dev-infancia\/wp-json\/wp\/v2\/kindergartens"}],"about":[{"href":"https:\/\/web3.cl\/dev-infancia\/wp-json\/wp\/v2\/types\/jardines"}],"wp:attachment":[{"href":"https:\/\/web3.cl\/dev-infancia\/wp-json\/wp\/v2\/media?parent=127"}],"wp:term":[{"taxonomy":"category","embeddable":true,"href":"https:\/\/web3.cl\/dev-infancia\/wp-json\/wp\/v2\/categories?post=127"},{"taxonomy":"zona","embeddable":true,"href":"https:\/\/web3.cl\/dev-infancia\/wp-json\/wp\/v2\/zona?post=127"}],"curies":[{"name":"wp","href":"https:\/\/api.w.org\/{rel}","templated":true}]}}

Sala Cuna y Jardín Infantil

Emplazado en la ex Casa de Moneda, lugar donde se acuñaba e imprimía el dinero de Chile y residencia de Presidentes durante la remodelación del Palacio de la Moneda, este jardín abrió sus puertas el 14 de septiembre de 1997. Situado al costado del Parque Quinta Normal, comenzó entregando alimentación completa a niños y niñas del sector, servicio asumido por un grupo de voluntariado. En 1990 profesionaliza su atención y comienza a impartir educación preescolar. En Abril del año 2008 incorpora el nivel de la sala cuna con capacidad para atender a 18 lactantes.

<!-- This site is optimized with the Yoast SEO plugin v26.9 - https://yoast.com/product/yoast-seo-wordpress/ -->
<title>Ignacio Carrera Pinto - Infancia</title>
<meta name="robots" content="index, follow, max-snippet:-1, max-image-preview:large, max-video-preview:-1" />
<link rel="canonical" href="https://web3.cl/dev-infancia/jardines/ignacio-carrera-pinto/" />
<meta property="og:locale" content="es_ES" />
<meta property="og:type" content="article" />
<meta property="og:title" content="Ignacio Carrera Pinto - Infancia" />
<meta property="og:url" content="https://web3.cl/dev-infancia/jardines/ignacio-carrera-pinto/" />
<meta property="og:site_name" content="Infancia" />
<meta property="article:modified_time" content="2022-06-07T15:27:41+00:00" />
<meta name="twitter:card" content="summary_large_image" />
<script type="application/ld+json" class="yoast-schema-graph">{"@context":"https://schema.org","@graph":[{"@type":"WebPage","@id":"https://web3.cl/dev-infancia/jardines/ignacio-carrera-pinto/","url":"https://web3.cl/dev-infancia/jardines/ignacio-carrera-pinto/","name":"Ignacio Carrera Pinto - Infancia","isPartOf":{"@id":"https://web3.cl/dev-infancia/#website"},"datePublished":"2022-06-02T21:40:08+00:00","dateModified":"2022-06-07T15:27:41+00:00","breadcrumb":{"@id":"https://web3.cl/dev-infancia/jardines/ignacio-carrera-pinto/#breadcrumb"},"inLanguage":"es-CL","potentialAction":[{"@type":"ReadAction","target":["https://web3.cl/dev-infancia/jardines/ignacio-carrera-pinto/"]}]},{"@type":"BreadcrumbList","@id":"https://web3.cl/dev-infancia/jardines/ignacio-carrera-pinto/#breadcrumb","itemListElement":[{"@type":"ListItem","position":1,"name":"Portada","item":"https://web3.cl/dev-infancia/"},{"@type":"ListItem","position":2,"name":"Jardines","item":"https://web3.cl/dev-infancia/jardines/"},{"@type":"ListItem","position":3,"name":"Ignacio Carrera Pinto"}]},{"@type":"WebSite","@id":"https://web3.cl/dev-infancia/#website","url":"https://web3.cl/dev-infancia/","name":"Infancia","description":"Corporación para la infancia de Santiago","potentialAction":[{"@type":"SearchAction","target":{"@type":"EntryPoint","urlTemplate":"https://web3.cl/dev-infancia/?s={search_term_string}"},"query-input":{"@type":"PropertyValueSpecification","valueRequired":true,"valueName":"search_term_string"}}],"inLanguage":"es-CL"}]}</script>
<!-- / Yoast SEO plugin. -->

Corporación para la infancia de Santiago
