{"id":125,"date":"2022-06-02T18:36:08","date_gmt":"2022-06-02T21:36:08","guid":{"rendered":"https:\/\/web3.cl\/dev-infancia\/?post_type=jardines&#038;p=125"},"modified":"2022-06-07T12:26:42","modified_gmt":"2022-06-07T15:26:42","slug":"cardenal-silva-henriquez","status":"publish","type":"jardines","link":"https:\/\/web3.cl\/dev-infancia\/jardines\/cardenal-silva-henriquez\/","title":{"rendered":"Cardenal Silva Henriquez"},"featured_media":0,"template":"","categories":[],"zona":[3],"class_list":["post-125","jardines","type-jardines","status-publish","hentry","zona-norte"],"acf":{"tipo":"Sala Cuna y Jard\u00edn Infantil","director_name":"Daniela Cortes","position":"Directora","address":"Esperanza 1215 \/ Santiago Centro","phone_number":226825081,"email":"cardenalsh@infancia.cl","director_image":126,"address_coordinate":"<iframe src=\"https:\/\/www.google.com\/maps\/embed?pb=!1m14!1m8!1m3!1d53274.902224063364!2d-70.6762!3d-33.43155!3m2!1i1024!2i768!4f13.1!3m3!1m2!1s0x9662c44970e2e971%3A0x3432b329b8599e38!2sEsperanza%201215%2C%20Santiago%2C%20Regi%C3%B3n%20Metropolitana%2C%20Chile!5e0!3m2!1ses!2sus!4v1654205785013!5m2!1ses!2sus\" width=\"600\" height=\"450\" style=\"border:0;\" allowfullscreen=\"\" loading=\"lazy\" referrerpolicy=\"no-referrer-when-downgrade\"><\/iframe>","video":249,"sobre_el_jardin":"En 1998 inicio su funcionamiento como centro de asistencia a menores. Atend\u00eda a 45 ni\u00f1os y ni\u00f1as en una sala facilitada por la Escuela Alemania. Dos a\u00f1os m\u00e1s tarde, es inaugurado como Jard\u00edn Infantil y comienza a entregar preparaci\u00f3n de los ni\u00f1os y ni\u00f1as, a los primeros niveles de educaci\u00f3n en la Escuela Alemania. Las actividades, consideradas experiencias de aprendizajes, se orientaron a la formaci\u00f3n de h\u00e1bitos y valores, entre otros."},"yoast_head":"<!-- This site is optimized with the Yoast SEO plugin v26.9 - https:\/\/yoast.com\/product\/yoast-seo-wordpress\/ -->\n<title>Cardenal Silva Henriquez - Infancia<\/title>\n<meta name=\"robots\" content=\"index, follow, max-snippet:-1, max-image-preview:large, max-video-preview:-1\" \/>\n<link rel=\"canonical\" href=\"https:\/\/web3.cl\/dev-infancia\/jardines\/cardenal-silva-henriquez\/\" \/>\n<meta property=\"og:locale\" content=\"es_ES\" \/>\n<meta property=\"og:type\" content=\"article\" \/>\n<meta property=\"og:title\" content=\"Cardenal Silva Henriquez - Infancia\" \/>\n<meta property=\"og:url\" content=\"https:\/\/web3.cl\/dev-infancia\/jardines\/cardenal-silva-henriquez\/\" \/>\n<meta property=\"og:site_name\" content=\"Infancia\" \/>\n<meta property=\"article:modified_time\" content=\"2022-06-07T15:26:42+00:00\" \/>\n<meta name=\"twitter:card\" content=\"summary_large_image\" \/>\n<script type=\"application\/ld+json\" class=\"yoast-schema-graph\">{\"@context\":\"https:\/\/schema.org\",\"@graph\":[{\"@type\":\"WebPage\",\"@id\":\"https:\/\/web3.cl\/dev-infancia\/jardines\/cardenal-silva-henriquez\/\",\"url\":\"https:\/\/web3.cl\/dev-infancia\/jardines\/cardenal-silva-henriquez\/\",\"name\":\"Cardenal Silva Henriquez - Infancia\",\"isPartOf\":{\"@id\":\"https:\/\/web3.cl\/dev-infancia\/#website\"},\"datePublished\":\"2022-06-02T21:36:08+00:00\",\"dateModified\":\"2022-06-07T15:26:42+00:00\",\"breadcrumb\":{\"@id\":\"https:\/\/web3.cl\/dev-infancia\/jardines\/cardenal-silva-henriquez\/#breadcrumb\"},\"inLanguage\":\"es-CL\",\"potentialAction\":[{\"@type\":\"ReadAction\",\"target\":[\"https:\/\/web3.cl\/dev-infancia\/jardines\/cardenal-silva-henriquez\/\"]}]},{\"@type\":\"BreadcrumbList\",\"@id\":\"https:\/\/web3.cl\/dev-infancia\/jardines\/cardenal-silva-henriquez\/#breadcrumb\",\"itemListElement\":[{\"@type\":\"ListItem\",\"position\":1,\"name\":\"Portada\",\"item\":\"https:\/\/web3.cl\/dev-infancia\/\"},{\"@type\":\"ListItem\",\"position\":2,\"name\":\"Jardines\",\"item\":\"https:\/\/web3.cl\/dev-infancia\/jardines\/\"},{\"@type\":\"ListItem\",\"position\":3,\"name\":\"Cardenal Silva Henriquez\"}]},{\"@type\":\"WebSite\",\"@id\":\"https:\/\/web3.cl\/dev-infancia\/#website\",\"url\":\"https:\/\/web3.cl\/dev-infancia\/\",\"name\":\"Infancia\",\"description\":\"Corporaci\u00f3n para la infancia de Santiago\",\"potentialAction\":[{\"@type\":\"SearchAction\",\"target\":{\"@type\":\"EntryPoint\",\"urlTemplate\":\"https:\/\/web3.cl\/dev-infancia\/?s={search_term_string}\"},\"query-input\":{\"@type\":\"PropertyValueSpecification\",\"valueRequired\":true,\"valueName\":\"search_term_string\"}}],\"inLanguage\":\"es-CL\"}]}<\/script>\n<!-- \/ Yoast SEO plugin. -->","yoast_head_json":{"title":"Cardenal Silva Henriquez - Infancia","robots":{"index":"index","follow":"follow","max-snippet":"max-snippet:-1","max-image-preview":"max-image-preview:large","max-video-preview":"max-video-preview:-1"},"canonical":"https:\/\/web3.cl\/dev-infancia\/jardines\/cardenal-silva-henriquez\/","og_locale":"es_ES","og_type":"article","og_title":"Cardenal Silva Henriquez - Infancia","og_url":"https:\/\/web3.cl\/dev-infancia\/jardines\/cardenal-silva-henriquez\/","og_site_name":"Infancia","article_modified_time":"2022-06-07T15:26:42+00:00","twitter_card":"summary_large_image","schema":{"@context":"https:\/\/schema.org","@graph":[{"@type":"WebPage","@id":"https:\/\/web3.cl\/dev-infancia\/jardines\/cardenal-silva-henriquez\/","url":"https:\/\/web3.cl\/dev-infancia\/jardines\/cardenal-silva-henriquez\/","name":"Cardenal Silva Henriquez - Infancia","isPartOf":{"@id":"https:\/\/web3.cl\/dev-infancia\/#website"},"datePublished":"2022-06-02T21:36:08+00:00","dateModified":"2022-06-07T15:26:42+00:00","breadcrumb":{"@id":"https:\/\/web3.cl\/dev-infancia\/jardines\/cardenal-silva-henriquez\/#breadcrumb"},"inLanguage":"es-CL","potentialAction":[{"@type":"ReadAction","target":["https:\/\/web3.cl\/dev-infancia\/jardines\/cardenal-silva-henriquez\/"]}]},{"@type":"BreadcrumbList","@id":"https:\/\/web3.cl\/dev-infancia\/jardines\/cardenal-silva-henriquez\/#breadcrumb","itemListElement":[{"@type":"ListItem","position":1,"name":"Portada","item":"https:\/\/web3.cl\/dev-infancia\/"},{"@type":"ListItem","position":2,"name":"Jardines","item":"https:\/\/web3.cl\/dev-infancia\/jardines\/"},{"@type":"ListItem","position":3,"name":"Cardenal Silva Henriquez"}]},{"@type":"WebSite","@id":"https:\/\/web3.cl\/dev-infancia\/#website","url":"https:\/\/web3.cl\/dev-infancia\/","name":"Infancia","description":"Corporaci\u00f3n para la infancia de Santiago","potentialAction":[{"@type":"SearchAction","target":{"@type":"EntryPoint","urlTemplate":"https:\/\/web3.cl\/dev-infancia\/?s={search_term_string}"},"query-input":{"@type":"PropertyValueSpecification","valueRequired":true,"valueName":"search_term_string"}}],"inLanguage":"es-CL"}]}},"_links":{"self":[{"href":"https:\/\/web3.cl\/dev-infancia\/wp-json\/wp\/v2\/kindergartens\/125","targetHints":{"allow":["GET"]}}],"collection":[{"href":"https:\/\/web3.cl\/dev-infancia\/wp-json\/wp\/v2\/kindergartens"}],"about":[{"href":"https:\/\/web3.cl\/dev-infancia\/wp-json\/wp\/v2\/types\/jardines"}],"wp:attachment":[{"href":"https:\/\/web3.cl\/dev-infancia\/wp-json\/wp\/v2\/media?parent=125"}],"wp:term":[{"taxonomy":"category","embeddable":true,"href":"https:\/\/web3.cl\/dev-infancia\/wp-json\/wp\/v2\/categories?post=125"},{"taxonomy":"zona","embeddable":true,"href":"https:\/\/web3.cl\/dev-infancia\/wp-json\/wp\/v2\/zona?post=125"}],"curies":[{"name":"wp","href":"https:\/\/api.w.org\/{rel}","templated":true}]}}

Sala Cuna y Jardín Infantil

En 1998 inicio su funcionamiento como centro de asistencia a menores. Atendía a 45 niños y niñas en una sala facilitada por la Escuela Alemania. Dos años más tarde, es inaugurado como Jardín Infantil y comienza a entregar preparación de los niños y niñas, a los primeros niveles de educación en la Escuela Alemania. Las actividades, consideradas experiencias de aprendizajes, se orientaron a la formación de hábitos y valores, entre otros.

<!-- This site is optimized with the Yoast SEO plugin v26.9 - https://yoast.com/product/yoast-seo-wordpress/ -->
<title>Cardenal Silva Henriquez - Infancia</title>
<meta name="robots" content="index, follow, max-snippet:-1, max-image-preview:large, max-video-preview:-1" />
<link rel="canonical" href="https://web3.cl/dev-infancia/jardines/cardenal-silva-henriquez/" />
<meta property="og:locale" content="es_ES" />
<meta property="og:type" content="article" />
<meta property="og:title" content="Cardenal Silva Henriquez - Infancia" />
<meta property="og:url" content="https://web3.cl/dev-infancia/jardines/cardenal-silva-henriquez/" />
<meta property="og:site_name" content="Infancia" />
<meta property="article:modified_time" content="2022-06-07T15:26:42+00:00" />
<meta name="twitter:card" content="summary_large_image" />
<script type="application/ld+json" class="yoast-schema-graph">{"@context":"https://schema.org","@graph":[{"@type":"WebPage","@id":"https://web3.cl/dev-infancia/jardines/cardenal-silva-henriquez/","url":"https://web3.cl/dev-infancia/jardines/cardenal-silva-henriquez/","name":"Cardenal Silva Henriquez - Infancia","isPartOf":{"@id":"https://web3.cl/dev-infancia/#website"},"datePublished":"2022-06-02T21:36:08+00:00","dateModified":"2022-06-07T15:26:42+00:00","breadcrumb":{"@id":"https://web3.cl/dev-infancia/jardines/cardenal-silva-henriquez/#breadcrumb"},"inLanguage":"es-CL","potentialAction":[{"@type":"ReadAction","target":["https://web3.cl/dev-infancia/jardines/cardenal-silva-henriquez/"]}]},{"@type":"BreadcrumbList","@id":"https://web3.cl/dev-infancia/jardines/cardenal-silva-henriquez/#breadcrumb","itemListElement":[{"@type":"ListItem","position":1,"name":"Portada","item":"https://web3.cl/dev-infancia/"},{"@type":"ListItem","position":2,"name":"Jardines","item":"https://web3.cl/dev-infancia/jardines/"},{"@type":"ListItem","position":3,"name":"Cardenal Silva Henriquez"}]},{"@type":"WebSite","@id":"https://web3.cl/dev-infancia/#website","url":"https://web3.cl/dev-infancia/","name":"Infancia","description":"Corporación para la infancia de Santiago","potentialAction":[{"@type":"SearchAction","target":{"@type":"EntryPoint","urlTemplate":"https://web3.cl/dev-infancia/?s={search_term_string}"},"query-input":{"@type":"PropertyValueSpecification","valueRequired":true,"valueName":"search_term_string"}}],"inLanguage":"es-CL"}]}</script>
<!-- / Yoast SEO plugin. -->

Corporación para la infancia de Santiago
