{"id":123,"date":"2022-06-02T18:32:28","date_gmt":"2022-06-02T21:32:28","guid":{"rendered":"https:\/\/web3.cl\/dev-infancia\/?post_type=jardines&#038;p=123"},"modified":"2022-06-23T11:47:05","modified_gmt":"2022-06-23T14:47:05","slug":"jardin-infantil-y-sala-cuna-vicente-huidobro","status":"publish","type":"jardines","link":"https:\/\/web3.cl\/dev-infancia\/jardines\/jardin-infantil-y-sala-cuna-vicente-huidobro\/","title":{"rendered":"Vicente Huidobro"},"featured_media":0,"template":"","categories":[],"zona":[4],"class_list":["post-123","jardines","type-jardines","status-publish","hentry","zona-centro"],"acf":{"tipo":"Sala Cuna y Jard\u00edn Infantil","director_name":"Mar\u00eda Jos\u00e9 Zerega L\u00f3pez","position":"Directora","address":"Santo Domingo 2006 \/ Santiago Centro","phone_number":226720936,"email":"vicente@infancia.cl","director_image":124,"address_coordinate":"<iframe src=\"https:\/\/www.google.com\/maps\/embed?pb=!1m14!1m8!1m3!1d53271.09180763656!2d-70.664642!3d-33.437757!3m2!1i1024!2i768!4f13.1!3m3!1m2!1s0x9662c5adf37414ff%3A0xb077cfbba817be8a!2sSanto%20Domingo%202006%2C%20Santiago%2C%20Regi%C3%B3n%20Metropolitana%2C%20Chile!5e0!3m2!1ses!2sus!4v1654205572413!5m2!1ses!2sus\" width=\"600\" height=\"450\" style=\"border:0;\" allowfullscreen=\"\" loading=\"lazy\" referrerpolicy=\"no-referrer-when-downgrade\"><\/iframe>","video":249,"sobre_el_jardin":"Inaugurado el 9 de marzo del a\u00f1o 2000, este establecimiento que lleva el nombre del poeta fundador del movimiento Creacionista, fue construido con un dise\u00f1o moderno y funcional. El a\u00f1o 2007, fue habilitada una sala cuna con capacidad de para atender a 12 lactantes."},"yoast_head":"<!-- This site is optimized with the Yoast SEO plugin v26.9 - https:\/\/yoast.com\/product\/yoast-seo-wordpress\/ -->\n<title>Vicente Huidobro - Infancia<\/title>\n<meta name=\"robots\" content=\"index, follow, max-snippet:-1, max-image-preview:large, max-video-preview:-1\" \/>\n<link rel=\"canonical\" href=\"https:\/\/web3.cl\/dev-infancia\/jardines\/jardin-infantil-y-sala-cuna-vicente-huidobro\/\" \/>\n<meta property=\"og:locale\" content=\"es_ES\" \/>\n<meta property=\"og:type\" content=\"article\" \/>\n<meta property=\"og:title\" content=\"Vicente Huidobro - Infancia\" \/>\n<meta property=\"og:url\" content=\"https:\/\/web3.cl\/dev-infancia\/jardines\/jardin-infantil-y-sala-cuna-vicente-huidobro\/\" \/>\n<meta property=\"og:site_name\" content=\"Infancia\" \/>\n<meta property=\"article:modified_time\" content=\"2022-06-23T14:47:05+00:00\" \/>\n<meta name=\"twitter:card\" content=\"summary_large_image\" \/>\n<script type=\"application\/ld+json\" class=\"yoast-schema-graph\">{\"@context\":\"https:\/\/schema.org\",\"@graph\":[{\"@type\":\"WebPage\",\"@id\":\"https:\/\/web3.cl\/dev-infancia\/jardines\/jardin-infantil-y-sala-cuna-vicente-huidobro\/\",\"url\":\"https:\/\/web3.cl\/dev-infancia\/jardines\/jardin-infantil-y-sala-cuna-vicente-huidobro\/\",\"name\":\"Vicente Huidobro - Infancia\",\"isPartOf\":{\"@id\":\"https:\/\/web3.cl\/dev-infancia\/#website\"},\"datePublished\":\"2022-06-02T21:32:28+00:00\",\"dateModified\":\"2022-06-23T14:47:05+00:00\",\"breadcrumb\":{\"@id\":\"https:\/\/web3.cl\/dev-infancia\/jardines\/jardin-infantil-y-sala-cuna-vicente-huidobro\/#breadcrumb\"},\"inLanguage\":\"es-CL\",\"potentialAction\":[{\"@type\":\"ReadAction\",\"target\":[\"https:\/\/web3.cl\/dev-infancia\/jardines\/jardin-infantil-y-sala-cuna-vicente-huidobro\/\"]}]},{\"@type\":\"BreadcrumbList\",\"@id\":\"https:\/\/web3.cl\/dev-infancia\/jardines\/jardin-infantil-y-sala-cuna-vicente-huidobro\/#breadcrumb\",\"itemListElement\":[{\"@type\":\"ListItem\",\"position\":1,\"name\":\"Portada\",\"item\":\"https:\/\/web3.cl\/dev-infancia\/\"},{\"@type\":\"ListItem\",\"position\":2,\"name\":\"Jardines\",\"item\":\"https:\/\/web3.cl\/dev-infancia\/jardines\/\"},{\"@type\":\"ListItem\",\"position\":3,\"name\":\"Vicente Huidobro\"}]},{\"@type\":\"WebSite\",\"@id\":\"https:\/\/web3.cl\/dev-infancia\/#website\",\"url\":\"https:\/\/web3.cl\/dev-infancia\/\",\"name\":\"Infancia\",\"description\":\"Corporaci\u00f3n para la infancia de Santiago\",\"potentialAction\":[{\"@type\":\"SearchAction\",\"target\":{\"@type\":\"EntryPoint\",\"urlTemplate\":\"https:\/\/web3.cl\/dev-infancia\/?s={search_term_string}\"},\"query-input\":{\"@type\":\"PropertyValueSpecification\",\"valueRequired\":true,\"valueName\":\"search_term_string\"}}],\"inLanguage\":\"es-CL\"}]}<\/script>\n<!-- \/ Yoast SEO plugin. -->","yoast_head_json":{"title":"Vicente Huidobro - Infancia","robots":{"index":"index","follow":"follow","max-snippet":"max-snippet:-1","max-image-preview":"max-image-preview:large","max-video-preview":"max-video-preview:-1"},"canonical":"https:\/\/web3.cl\/dev-infancia\/jardines\/jardin-infantil-y-sala-cuna-vicente-huidobro\/","og_locale":"es_ES","og_type":"article","og_title":"Vicente Huidobro - Infancia","og_url":"https:\/\/web3.cl\/dev-infancia\/jardines\/jardin-infantil-y-sala-cuna-vicente-huidobro\/","og_site_name":"Infancia","article_modified_time":"2022-06-23T14:47:05+00:00","twitter_card":"summary_large_image","schema":{"@context":"https:\/\/schema.org","@graph":[{"@type":"WebPage","@id":"https:\/\/web3.cl\/dev-infancia\/jardines\/jardin-infantil-y-sala-cuna-vicente-huidobro\/","url":"https:\/\/web3.cl\/dev-infancia\/jardines\/jardin-infantil-y-sala-cuna-vicente-huidobro\/","name":"Vicente Huidobro - Infancia","isPartOf":{"@id":"https:\/\/web3.cl\/dev-infancia\/#website"},"datePublished":"2022-06-02T21:32:28+00:00","dateModified":"2022-06-23T14:47:05+00:00","breadcrumb":{"@id":"https:\/\/web3.cl\/dev-infancia\/jardines\/jardin-infantil-y-sala-cuna-vicente-huidobro\/#breadcrumb"},"inLanguage":"es-CL","potentialAction":[{"@type":"ReadAction","target":["https:\/\/web3.cl\/dev-infancia\/jardines\/jardin-infantil-y-sala-cuna-vicente-huidobro\/"]}]},{"@type":"BreadcrumbList","@id":"https:\/\/web3.cl\/dev-infancia\/jardines\/jardin-infantil-y-sala-cuna-vicente-huidobro\/#breadcrumb","itemListElement":[{"@type":"ListItem","position":1,"name":"Portada","item":"https:\/\/web3.cl\/dev-infancia\/"},{"@type":"ListItem","position":2,"name":"Jardines","item":"https:\/\/web3.cl\/dev-infancia\/jardines\/"},{"@type":"ListItem","position":3,"name":"Vicente Huidobro"}]},{"@type":"WebSite","@id":"https:\/\/web3.cl\/dev-infancia\/#website","url":"https:\/\/web3.cl\/dev-infancia\/","name":"Infancia","description":"Corporaci\u00f3n para la infancia de Santiago","potentialAction":[{"@type":"SearchAction","target":{"@type":"EntryPoint","urlTemplate":"https:\/\/web3.cl\/dev-infancia\/?s={search_term_string}"},"query-input":{"@type":"PropertyValueSpecification","valueRequired":true,"valueName":"search_term_string"}}],"inLanguage":"es-CL"}]}},"_links":{"self":[{"href":"https:\/\/web3.cl\/dev-infancia\/wp-json\/wp\/v2\/kindergartens\/123","targetHints":{"allow":["GET"]}}],"collection":[{"href":"https:\/\/web3.cl\/dev-infancia\/wp-json\/wp\/v2\/kindergartens"}],"about":[{"href":"https:\/\/web3.cl\/dev-infancia\/wp-json\/wp\/v2\/types\/jardines"}],"wp:attachment":[{"href":"https:\/\/web3.cl\/dev-infancia\/wp-json\/wp\/v2\/media?parent=123"}],"wp:term":[{"taxonomy":"category","embeddable":true,"href":"https:\/\/web3.cl\/dev-infancia\/wp-json\/wp\/v2\/categories?post=123"},{"taxonomy":"zona","embeddable":true,"href":"https:\/\/web3.cl\/dev-infancia\/wp-json\/wp\/v2\/zona?post=123"}],"curies":[{"name":"wp","href":"https:\/\/api.w.org\/{rel}","templated":true}]}}

Sala Cuna y Jardín Infantil

María José Zerega López

Inaugurado el 9 de marzo del año 2000, este establecimiento que lleva el nombre del poeta fundador del movimiento Creacionista, fue construido con un diseño moderno y funcional. El año 2007, fue habilitada una sala cuna con capacidad de para atender a 12 lactantes.

<!-- This site is optimized with the Yoast SEO plugin v26.9 - https://yoast.com/product/yoast-seo-wordpress/ -->
<title>Vicente Huidobro - Infancia</title>
<meta name="robots" content="index, follow, max-snippet:-1, max-image-preview:large, max-video-preview:-1" />
<link rel="canonical" href="https://web3.cl/dev-infancia/jardines/jardin-infantil-y-sala-cuna-vicente-huidobro/" />
<meta property="og:locale" content="es_ES" />
<meta property="og:type" content="article" />
<meta property="og:title" content="Vicente Huidobro - Infancia" />
<meta property="og:url" content="https://web3.cl/dev-infancia/jardines/jardin-infantil-y-sala-cuna-vicente-huidobro/" />
<meta property="og:site_name" content="Infancia" />
<meta property="article:modified_time" content="2022-06-23T14:47:05+00:00" />
<meta name="twitter:card" content="summary_large_image" />
<script type="application/ld+json" class="yoast-schema-graph">{"@context":"https://schema.org","@graph":[{"@type":"WebPage","@id":"https://web3.cl/dev-infancia/jardines/jardin-infantil-y-sala-cuna-vicente-huidobro/","url":"https://web3.cl/dev-infancia/jardines/jardin-infantil-y-sala-cuna-vicente-huidobro/","name":"Vicente Huidobro - Infancia","isPartOf":{"@id":"https://web3.cl/dev-infancia/#website"},"datePublished":"2022-06-02T21:32:28+00:00","dateModified":"2022-06-23T14:47:05+00:00","breadcrumb":{"@id":"https://web3.cl/dev-infancia/jardines/jardin-infantil-y-sala-cuna-vicente-huidobro/#breadcrumb"},"inLanguage":"es-CL","potentialAction":[{"@type":"ReadAction","target":["https://web3.cl/dev-infancia/jardines/jardin-infantil-y-sala-cuna-vicente-huidobro/"]}]},{"@type":"BreadcrumbList","@id":"https://web3.cl/dev-infancia/jardines/jardin-infantil-y-sala-cuna-vicente-huidobro/#breadcrumb","itemListElement":[{"@type":"ListItem","position":1,"name":"Portada","item":"https://web3.cl/dev-infancia/"},{"@type":"ListItem","position":2,"name":"Jardines","item":"https://web3.cl/dev-infancia/jardines/"},{"@type":"ListItem","position":3,"name":"Vicente Huidobro"}]},{"@type":"WebSite","@id":"https://web3.cl/dev-infancia/#website","url":"https://web3.cl/dev-infancia/","name":"Infancia","description":"Corporación para la infancia de Santiago","potentialAction":[{"@type":"SearchAction","target":{"@type":"EntryPoint","urlTemplate":"https://web3.cl/dev-infancia/?s={search_term_string}"},"query-input":{"@type":"PropertyValueSpecification","valueRequired":true,"valueName":"search_term_string"}}],"inLanguage":"es-CL"}]}</script>
<!-- / Yoast SEO plugin. -->

Corporación para la infancia de Santiago
