{"id":121,"date":"2022-06-02T18:29:08","date_gmt":"2022-06-02T21:29:08","guid":{"rendered":"https:\/\/web3.cl\/dev-infancia\/?post_type=jardines&#038;p=121"},"modified":"2022-06-23T11:47:17","modified_gmt":"2022-06-23T14:47:17","slug":"jardin-santo-domingo","status":"publish","type":"jardines","link":"https:\/\/web3.cl\/dev-infancia\/jardines\/jardin-santo-domingo\/","title":{"rendered":"Santo Domingo"},"featured_media":0,"template":"","categories":[],"zona":[4],"class_list":["post-121","jardines","type-jardines","status-publish","hentry","zona-centro"],"acf":{"tipo":"Jard\u00edn Infantil","director_name":"M\u00f3nica Rojas","position":"Directora","address":"Santo Domingo 2020 \/ Santiago Centro","phone_number":226974335,"email":"santodomingo@infancia.cl","director_image":122,"address_coordinate":"<iframe src=\"https:\/\/www.google.com\/maps\/embed?pb=!1m14!1m8!1m3!1d53271.07523123565!2d-70.665149!3d-33.437784!3m2!1i1024!2i768!4f13.1!3m3!1m2!1s0x9662c5ad8dcfc6cd%3A0xe63e4c1608939e80!2sSanto%20Domingo%202020%2C%20Santiago%2C%208340330%2C%20Regi%C3%B3n%20Metropolitana%2C%20Chile!5e0!3m2!1ses!2sus!4v1654205369470!5m2!1ses!2sus\" width=\"600\" height=\"450\" style=\"border:0;\" allowfullscreen=\"\" loading=\"lazy\" referrerpolicy=\"no-referrer-when-downgrade\"><\/iframe>","video":249,"sobre_el_jardin":"Funciona cerca de la intersecci\u00f3n de las calles Brasil y Santo Domingo y junto con los jardines Claudio Arrau y Vicente Huidobro, forman un polo de servicios de educaci\u00f3n preescolar en ese sector del centro de la comuna. Abri\u00f3 sus puertas en el a\u00f1o 2001, ante la necesidad de enfrentar la falta de educaci\u00f3n parvularia en el sector, pues muchos padres no ten\u00edan d\u00f3nde dejar a sus hijos durante la jornada laboral."},"yoast_head":"<!-- This site is optimized with the Yoast SEO plugin v26.9 - https:\/\/yoast.com\/product\/yoast-seo-wordpress\/ -->\n<title>Santo Domingo - Infancia<\/title>\n<meta name=\"robots\" content=\"index, follow, max-snippet:-1, max-image-preview:large, max-video-preview:-1\" \/>\n<link rel=\"canonical\" href=\"https:\/\/web3.cl\/dev-infancia\/jardines\/jardin-santo-domingo\/\" \/>\n<meta property=\"og:locale\" content=\"es_ES\" \/>\n<meta property=\"og:type\" content=\"article\" \/>\n<meta property=\"og:title\" content=\"Santo Domingo - Infancia\" \/>\n<meta property=\"og:url\" content=\"https:\/\/web3.cl\/dev-infancia\/jardines\/jardin-santo-domingo\/\" \/>\n<meta property=\"og:site_name\" content=\"Infancia\" \/>\n<meta property=\"article:modified_time\" content=\"2022-06-23T14:47:17+00:00\" \/>\n<meta name=\"twitter:card\" content=\"summary_large_image\" \/>\n<script type=\"application\/ld+json\" class=\"yoast-schema-graph\">{\"@context\":\"https:\/\/schema.org\",\"@graph\":[{\"@type\":\"WebPage\",\"@id\":\"https:\/\/web3.cl\/dev-infancia\/jardines\/jardin-santo-domingo\/\",\"url\":\"https:\/\/web3.cl\/dev-infancia\/jardines\/jardin-santo-domingo\/\",\"name\":\"Santo Domingo - Infancia\",\"isPartOf\":{\"@id\":\"https:\/\/web3.cl\/dev-infancia\/#website\"},\"datePublished\":\"2022-06-02T21:29:08+00:00\",\"dateModified\":\"2022-06-23T14:47:17+00:00\",\"breadcrumb\":{\"@id\":\"https:\/\/web3.cl\/dev-infancia\/jardines\/jardin-santo-domingo\/#breadcrumb\"},\"inLanguage\":\"es-CL\",\"potentialAction\":[{\"@type\":\"ReadAction\",\"target\":[\"https:\/\/web3.cl\/dev-infancia\/jardines\/jardin-santo-domingo\/\"]}]},{\"@type\":\"BreadcrumbList\",\"@id\":\"https:\/\/web3.cl\/dev-infancia\/jardines\/jardin-santo-domingo\/#breadcrumb\",\"itemListElement\":[{\"@type\":\"ListItem\",\"position\":1,\"name\":\"Portada\",\"item\":\"https:\/\/web3.cl\/dev-infancia\/\"},{\"@type\":\"ListItem\",\"position\":2,\"name\":\"Jardines\",\"item\":\"https:\/\/web3.cl\/dev-infancia\/jardines\/\"},{\"@type\":\"ListItem\",\"position\":3,\"name\":\"Santo Domingo\"}]},{\"@type\":\"WebSite\",\"@id\":\"https:\/\/web3.cl\/dev-infancia\/#website\",\"url\":\"https:\/\/web3.cl\/dev-infancia\/\",\"name\":\"Infancia\",\"description\":\"Corporaci\u00f3n para la infancia de Santiago\",\"potentialAction\":[{\"@type\":\"SearchAction\",\"target\":{\"@type\":\"EntryPoint\",\"urlTemplate\":\"https:\/\/web3.cl\/dev-infancia\/?s={search_term_string}\"},\"query-input\":{\"@type\":\"PropertyValueSpecification\",\"valueRequired\":true,\"valueName\":\"search_term_string\"}}],\"inLanguage\":\"es-CL\"}]}<\/script>\n<!-- \/ Yoast SEO plugin. -->","yoast_head_json":{"title":"Santo Domingo - Infancia","robots":{"index":"index","follow":"follow","max-snippet":"max-snippet:-1","max-image-preview":"max-image-preview:large","max-video-preview":"max-video-preview:-1"},"canonical":"https:\/\/web3.cl\/dev-infancia\/jardines\/jardin-santo-domingo\/","og_locale":"es_ES","og_type":"article","og_title":"Santo Domingo - Infancia","og_url":"https:\/\/web3.cl\/dev-infancia\/jardines\/jardin-santo-domingo\/","og_site_name":"Infancia","article_modified_time":"2022-06-23T14:47:17+00:00","twitter_card":"summary_large_image","schema":{"@context":"https:\/\/schema.org","@graph":[{"@type":"WebPage","@id":"https:\/\/web3.cl\/dev-infancia\/jardines\/jardin-santo-domingo\/","url":"https:\/\/web3.cl\/dev-infancia\/jardines\/jardin-santo-domingo\/","name":"Santo Domingo - Infancia","isPartOf":{"@id":"https:\/\/web3.cl\/dev-infancia\/#website"},"datePublished":"2022-06-02T21:29:08+00:00","dateModified":"2022-06-23T14:47:17+00:00","breadcrumb":{"@id":"https:\/\/web3.cl\/dev-infancia\/jardines\/jardin-santo-domingo\/#breadcrumb"},"inLanguage":"es-CL","potentialAction":[{"@type":"ReadAction","target":["https:\/\/web3.cl\/dev-infancia\/jardines\/jardin-santo-domingo\/"]}]},{"@type":"BreadcrumbList","@id":"https:\/\/web3.cl\/dev-infancia\/jardines\/jardin-santo-domingo\/#breadcrumb","itemListElement":[{"@type":"ListItem","position":1,"name":"Portada","item":"https:\/\/web3.cl\/dev-infancia\/"},{"@type":"ListItem","position":2,"name":"Jardines","item":"https:\/\/web3.cl\/dev-infancia\/jardines\/"},{"@type":"ListItem","position":3,"name":"Santo Domingo"}]},{"@type":"WebSite","@id":"https:\/\/web3.cl\/dev-infancia\/#website","url":"https:\/\/web3.cl\/dev-infancia\/","name":"Infancia","description":"Corporaci\u00f3n para la infancia de Santiago","potentialAction":[{"@type":"SearchAction","target":{"@type":"EntryPoint","urlTemplate":"https:\/\/web3.cl\/dev-infancia\/?s={search_term_string}"},"query-input":{"@type":"PropertyValueSpecification","valueRequired":true,"valueName":"search_term_string"}}],"inLanguage":"es-CL"}]}},"_links":{"self":[{"href":"https:\/\/web3.cl\/dev-infancia\/wp-json\/wp\/v2\/kindergartens\/121","targetHints":{"allow":["GET"]}}],"collection":[{"href":"https:\/\/web3.cl\/dev-infancia\/wp-json\/wp\/v2\/kindergartens"}],"about":[{"href":"https:\/\/web3.cl\/dev-infancia\/wp-json\/wp\/v2\/types\/jardines"}],"wp:attachment":[{"href":"https:\/\/web3.cl\/dev-infancia\/wp-json\/wp\/v2\/media?parent=121"}],"wp:term":[{"taxonomy":"category","embeddable":true,"href":"https:\/\/web3.cl\/dev-infancia\/wp-json\/wp\/v2\/categories?post=121"},{"taxonomy":"zona","embeddable":true,"href":"https:\/\/web3.cl\/dev-infancia\/wp-json\/wp\/v2\/zona?post=121"}],"curies":[{"name":"wp","href":"https:\/\/api.w.org\/{rel}","templated":true}]}}

Jardín Infantil

Mónica Rojas

Funciona cerca de la intersección de las calles Brasil y Santo Domingo y junto con los jardines Claudio Arrau y Vicente Huidobro, forman un polo de servicios de educación preescolar en ese sector del centro de la comuna. Abrió sus puertas en el año 2001, ante la necesidad de enfrentar la falta de educación parvularia en el sector, pues muchos padres no tenían dónde dejar a sus hijos durante la jornada laboral.

<!-- This site is optimized with the Yoast SEO plugin v26.9 - https://yoast.com/product/yoast-seo-wordpress/ -->
<title>Santo Domingo - Infancia</title>
<meta name="robots" content="index, follow, max-snippet:-1, max-image-preview:large, max-video-preview:-1" />
<link rel="canonical" href="https://web3.cl/dev-infancia/jardines/jardin-santo-domingo/" />
<meta property="og:locale" content="es_ES" />
<meta property="og:type" content="article" />
<meta property="og:title" content="Santo Domingo - Infancia" />
<meta property="og:url" content="https://web3.cl/dev-infancia/jardines/jardin-santo-domingo/" />
<meta property="og:site_name" content="Infancia" />
<meta property="article:modified_time" content="2022-06-23T14:47:17+00:00" />
<meta name="twitter:card" content="summary_large_image" />
<script type="application/ld+json" class="yoast-schema-graph">{"@context":"https://schema.org","@graph":[{"@type":"WebPage","@id":"https://web3.cl/dev-infancia/jardines/jardin-santo-domingo/","url":"https://web3.cl/dev-infancia/jardines/jardin-santo-domingo/","name":"Santo Domingo - Infancia","isPartOf":{"@id":"https://web3.cl/dev-infancia/#website"},"datePublished":"2022-06-02T21:29:08+00:00","dateModified":"2022-06-23T14:47:17+00:00","breadcrumb":{"@id":"https://web3.cl/dev-infancia/jardines/jardin-santo-domingo/#breadcrumb"},"inLanguage":"es-CL","potentialAction":[{"@type":"ReadAction","target":["https://web3.cl/dev-infancia/jardines/jardin-santo-domingo/"]}]},{"@type":"BreadcrumbList","@id":"https://web3.cl/dev-infancia/jardines/jardin-santo-domingo/#breadcrumb","itemListElement":[{"@type":"ListItem","position":1,"name":"Portada","item":"https://web3.cl/dev-infancia/"},{"@type":"ListItem","position":2,"name":"Jardines","item":"https://web3.cl/dev-infancia/jardines/"},{"@type":"ListItem","position":3,"name":"Santo Domingo"}]},{"@type":"WebSite","@id":"https://web3.cl/dev-infancia/#website","url":"https://web3.cl/dev-infancia/","name":"Infancia","description":"Corporación para la infancia de Santiago","potentialAction":[{"@type":"SearchAction","target":{"@type":"EntryPoint","urlTemplate":"https://web3.cl/dev-infancia/?s={search_term_string}"},"query-input":{"@type":"PropertyValueSpecification","valueRequired":true,"valueName":"search_term_string"}}],"inLanguage":"es-CL"}]}</script>
<!-- / Yoast SEO plugin. -->

Corporación para la infancia de Santiago
