{"version":"1.0","provider_name":"Infancia","provider_url":"https:\/\/web3.cl\/dev-infancia","title":"LA CIS CELEBRA LA DIVERSIDAD CULTURAL - Infancia","type":"rich","width":600,"height":338,"html":"<blockquote class=\"wp-embedded-content\" data-secret=\"eZxXi9MdCb\"><a href=\"https:\/\/web3.cl\/dev-infancia\/la-cis-celebra-la-diversidad-cultural\/\">LA CIS CELEBRA LA DIVERSIDAD CULTURAL<\/a><\/blockquote><iframe sandbox=\"allow-scripts\" security=\"restricted\" src=\"https:\/\/web3.cl\/dev-infancia\/la-cis-celebra-la-diversidad-cultural\/embed\/#?secret=eZxXi9MdCb\" width=\"600\" height=\"338\" title=\"&#8220;LA CIS CELEBRA LA DIVERSIDAD CULTURAL&#8221; &#8212; Infancia\" data-secret=\"eZxXi9MdCb\" frameborder=\"0\" marginwidth=\"0\" marginheight=\"0\" scrolling=\"no\" class=\"wp-embedded-content\"><\/iframe><script type=\"text\/javascript\">\n\/* <![CDATA[ *\/\n\/*! This file is auto-generated *\/\n!function(d,l){\"use strict\";l.querySelector&&d.addEventListener&&\"undefined\"!=typeof URL&&(d.wp=d.wp||{},d.wp.receiveEmbedMessage||(d.wp.receiveEmbedMessage=function(e){var t=e.data;if((t||t.secret||t.message||t.value)&&!\/[^a-zA-Z0-9]\/.test(t.secret)){for(var s,r,n,a=l.querySelectorAll('iframe[data-secret=\"'+t.secret+'\"]'),o=l.querySelectorAll('blockquote[data-secret=\"'+t.secret+'\"]'),c=new RegExp(\"^https?:$\",\"i\"),i=0;i<o.length;i++)o[i].style.display=\"none\";for(i=0;i<a.length;i++)s=a[i],e.source===s.contentWindow&&(s.removeAttribute(\"style\"),\"height\"===t.message?(1e3<(r=parseInt(t.value,10))?r=1e3:~~r<200&&(r=200),s.height=r):\"link\"===t.message&&(r=new URL(s.getAttribute(\"src\")),n=new URL(t.value),c.test(n.protocol))&&n.host===r.host&&l.activeElement===s&&(d.top.location.href=t.value))}},d.addEventListener(\"message\",d.wp.receiveEmbedMessage,!1),l.addEventListener(\"DOMContentLoaded\",function(){for(var e,t,s=l.querySelectorAll(\"iframe.wp-embedded-content\"),r=0;r<s.length;r++)(t=(e=s[r]).getAttribute(\"data-secret\"))||(t=Math.random().toString(36).substring(2,12),e.src+=\"#?secret=\"+t,e.setAttribute(\"data-secret\",t)),e.contentWindow.postMessage({message:\"ready\",secret:t},\"*\")},!1)))}(window,document);\n\/\/# sourceURL=https:\/\/web3.cl\/dev-infancia\/wp-includes\/js\/wp-embed.min.js\n\/* ]]> *\/\n<\/script>\n","description":"\u00a0 \u00a0 \u00a0 \u00a0 MOMENTOS \u00daNICOS DE LA DIVERSIDAD La riqueza cultural de nuestra comuna de Santiago, fortalece las oportunidades de aprendizaje para nuestra primera infancia. Muestra de ello es que los ni\u00f1os y ni\u00f1as de Santiago son protagonistas de la educaci\u00f3n inclusiva que favorecemos en nuestra organizaci\u00f3n, relevando los distintos elementos que se desprenden [&hellip;]","thumbnail_url":"https:\/\/web3.cl\/dev-infancia\/wp-content\/uploads\/2022\/06\/DIA-LA-DIVERSIDAD11-Medium-1024x578-1-860x400-1-300x140.jpg"}

MOMENTOS ÚNICOS DE LA DIVERSIDAD La riqueza cultural de nuestra comuna de Santiago, fortalece las oportunidades de aprendizaje para nuestra primera infancia. Muestra de ello es que los niños y niñas de Santiago son protagonistas de la educación inclusiva que favorecemos en nuestra organización, relevando los distintos elementos que se desprenden [&hellip;]
