{"version":"1.0","provider_name":"Infancia","provider_url":"https:\/\/web3.cl\/dev-infancia","title":"INVITACI\u00d3N A CONSTRUCTORAS - Infancia","type":"rich","width":600,"height":338,"html":"<blockquote class=\"wp-embedded-content\" data-secret=\"JxXVptY5Kn\"><a href=\"https:\/\/web3.cl\/dev-infancia\/inauguracion-jardin-infantil-maria-victoria-peralta-3\/\">INVITACI\u00d3N A CONSTRUCTORAS<\/a><\/blockquote><iframe sandbox=\"allow-scripts\" security=\"restricted\" src=\"https:\/\/web3.cl\/dev-infancia\/inauguracion-jardin-infantil-maria-victoria-peralta-3\/embed\/#?secret=JxXVptY5Kn\" width=\"600\" height=\"338\" title=\"&#8220;INVITACI\u00d3N A CONSTRUCTORAS&#8221; &#8212; Infancia\" data-secret=\"JxXVptY5Kn\" frameborder=\"0\" marginwidth=\"0\" marginheight=\"0\" scrolling=\"no\" class=\"wp-embedded-content\"><\/iframe><script type=\"text\/javascript\">\n\/* <![CDATA[ *\/\n\/*! This file is auto-generated *\/\n!function(d,l){\"use strict\";l.querySelector&&d.addEventListener&&\"undefined\"!=typeof URL&&(d.wp=d.wp||{},d.wp.receiveEmbedMessage||(d.wp.receiveEmbedMessage=function(e){var t=e.data;if((t||t.secret||t.message||t.value)&&!\/[^a-zA-Z0-9]\/.test(t.secret)){for(var s,r,n,a=l.querySelectorAll('iframe[data-secret=\"'+t.secret+'\"]'),o=l.querySelectorAll('blockquote[data-secret=\"'+t.secret+'\"]'),c=new RegExp(\"^https?:$\",\"i\"),i=0;i<o.length;i++)o[i].style.display=\"none\";for(i=0;i<a.length;i++)s=a[i],e.source===s.contentWindow&&(s.removeAttribute(\"style\"),\"height\"===t.message?(1e3<(r=parseInt(t.value,10))?r=1e3:~~r<200&&(r=200),s.height=r):\"link\"===t.message&&(r=new URL(s.getAttribute(\"src\")),n=new URL(t.value),c.test(n.protocol))&&n.host===r.host&&l.activeElement===s&&(d.top.location.href=t.value))}},d.addEventListener(\"message\",d.wp.receiveEmbedMessage,!1),l.addEventListener(\"DOMContentLoaded\",function(){for(var e,t,s=l.querySelectorAll(\"iframe.wp-embedded-content\"),r=0;r<s.length;r++)(t=(e=s[r]).getAttribute(\"data-secret\"))||(t=Math.random().toString(36).substring(2,12),e.src+=\"#?secret=\"+t,e.setAttribute(\"data-secret\",t)),e.contentWindow.postMessage({message:\"ready\",secret:t},\"*\")},!1)))}(window,document);\n\/\/# sourceURL=https:\/\/web3.cl\/dev-infancia\/wp-includes\/js\/wp-embed.min.js\n\/* ]]> *\/\n<\/script>\n","description":"Este nuevo Jard\u00edn Infantil, llevar\u00e1 nombre el nombre de Mar\u00eda Victoria Peralta Espinosa, primera mujer educadora de p\u00e1rvulos en ganar el Premio Nacional de Ciencias de la Educaci\u00f3n en 2019, en reconocimiento de su destacada trayectoria."}

INVITACIÓN A CONSTRUCTORAS - Infancia

<blockquote class="wp-embedded-content" data-secret="JxXVptY5Kn"><a href="https://web3.cl/dev-infancia/inauguracion-jardin-infantil-maria-victoria-peralta-3/">INVITACIÓN A CONSTRUCTORAS</a></blockquote><iframe sandbox="allow-scripts" security="restricted" src="https://web3.cl/dev-infancia/inauguracion-jardin-infantil-maria-victoria-peralta-3/embed/#?secret=JxXVptY5Kn" width="600" height="338" title="&#8220;INVITACIÓN A CONSTRUCTORAS&#8221; &#8212; Infancia" data-secret="JxXVptY5Kn" frameborder="0" marginwidth="0" marginheight="0" scrolling="no" class="wp-embedded-content"></iframe><script type="text/javascript">
/* <![CDATA[ */
/*! This file is auto-generated */
!function(d,l){"use strict";l.querySelector&&d.addEventListener&&"undefined"!=typeof URL&&(d.wp=d.wp||{},d.wp.receiveEmbedMessage||(d.wp.receiveEmbedMessage=function(e){var t=e.data;if((t||t.secret||t.message||t.value)&&!/[^a-zA-Z0-9]/.test(t.secret)){for(var s,r,n,a=l.querySelectorAll('iframe[data-secret="'+t.secret+'"]'),o=l.querySelectorAll('blockquote[data-secret="'+t.secret+'"]'),c=new RegExp("^https?:$","i"),i=0;i<o.length;i++)o[i].style.display="none";for(i=0;i<a.length;i++)s=a[i],e.source===s.contentWindow&&(s.removeAttribute("style"),"height"===t.message?(1e3<(r=parseInt(t.value,10))?r=1e3:~~r<200&&(r=200),s.height=r):"link"===t.message&&(r=new URL(s.getAttribute("src")),n=new URL(t.value),c.test(n.protocol))&&n.host===r.host&&l.activeElement===s&&(d.top.location.href=t.value))}},d.addEventListener("message",d.wp.receiveEmbedMessage,!1),l.addEventListener("DOMContentLoaded",function(){for(var e,t,s=l.querySelectorAll("iframe.wp-embedded-content"),r=0;r<s.length;r++)(t=(e=s[r]).getAttribute("data-secret"))||(t=Math.random().toString(36).substring(2,12),e.src+="#?secret="+t,e.setAttribute("data-secret",t)),e.contentWindow.postMessage({message:"ready",secret:t},"*")},!1)))}(window,document);
//# sourceURL=https://web3.cl/dev-infancia/wp-includes/js/wp-embed.min.js
/* ]]> */
</script>

Este nuevo Jardín Infantil, llevará nombre el nombre de María Victoria Peralta Espinosa, primera mujer educadora de párvulos en ganar el Premio Nacional de Ciencias de la Educación en 2019, en reconocimiento de su destacada trayectoria.
